{"id":7694,"date":"2021-08-05T10:11:50","date_gmt":"2021-08-05T10:11:50","guid":{"rendered":"https:\/\/www.universolorca.com\/vinculo-obra-literar\/poe_07-53\/"},"modified":"2021-10-15T12:29:58","modified_gmt":"2021-10-15T12:29:58","slug":"poe_07-53","status":"publish","type":"vinculo_obra_literar","link":"https:\/\/www.universolorca.com\/en\/vinculo-obra-literar\/poe_07-53\/","title":{"rendered":"POE_07-53"},"content":{"rendered":"<p>S\u00e1nchez Mej\u00edas was very close to the Generation of &#8217;27. In addition to being a bullfighter, he was a patron of the arts, writer, playwright, lecturer, president of the Red Cross in Seville, president of the Betis soccer team&#8230; S\u00e1nchez Mej\u00edas meant for the poets of &#8217;27 the fascination for bullfighting as a vehicle of artistic expression.<\/p>\n<p>Bullfighting attracted almost all its members, but especially <a href=\"https:\/\/www.universolorca.com\/personaje\/bergamin-gutierrez-jose\/\">Jos\u00e9 Bergam\u00edn<\/a>, <a href=\"https:\/\/www.universolorca.com\/en\/personaje\/alberti-merello-rafael\/\">Rafael Alberti<\/a> (who also dedicated an elegy to the bullfighter and another, at the request of S\u00e1nchez Mej\u00edas himself, to the memory of the bullfighter Joselito, who died in Talavera seven years earlier), Jorge Guill\u00e9n, <a href=\"https:\/\/www.universolorca.com\/personaje\/salinas-serrano-pedro\/\">Pedro Salinas<\/a>, <a href=\"https:\/\/www.universolorca.com\/personaje\/diego-cendoya-gerardo\/\">Gerardo Diego<\/a> and Federico Garc\u00eda Lorca.<\/p>\n<p>In the case of Federico, the following phrase remains: &#8220;What would become of the Spanish spring, of our blood and our language, if the dramatic clarions of the bullfight were to cease to sound&#8221;. In a statement, a year before his death, he had already said: &#8220;Bullfighting is probably the greatest vital poetic wealth of Spain&#8221;. The artistic union of the friends had been linked forever.<\/p>\n","protected":false},"template":"","class_list":["post-7694","vinculo_obra_literar","type-vinculo_obra_literar","status-publish","hentry"],"_links":{"self":[{"href":"https:\/\/www.universolorca.com\/en\/wp-json\/wp\/v2\/vinculo_obra_literar\/7694"}],"collection":[{"href":"https:\/\/www.universolorca.com\/en\/wp-json\/wp\/v2\/vinculo_obra_literar"}],"about":[{"href":"https:\/\/www.universolorca.com\/en\/wp-json\/wp\/v2\/types\/vinculo_obra_literar"}],"wp:attachment":[{"href":"https:\/\/www.universolorca.com\/en\/wp-json\/wp\/v2\/media?parent=7694"}],"curies":[{"name":"wp","href":"https:\/\/api.w.org\/{rel}","templated":true}]}}

<p>Sánchez Mejías was very close to the Generation of &#8217;27. In addition to being a bullfighter, he was a patron of the arts, writer, playwright, lecturer, president of the Red Cross in Seville, president of the Betis soccer team&#8230; Sánchez Mejías meant for the poets of &#8217;27 the fascination for bullfighting as a vehicle of artistic expression.</p>
<p>Bullfighting attracted almost all its members, but especially <a href="https://www.universolorca.com/personaje/bergamin-gutierrez-jose/">José Bergamín</a>, <a href="https://www.universolorca.com/en/personaje/alberti-merello-rafael/">Rafael Alberti</a> (who also dedicated an elegy to the bullfighter and another, at the request of Sánchez Mejías himself, to the memory of the bullfighter Joselito, who died in Talavera seven years earlier), Jorge Guillén, <a href="https://www.universolorca.com/personaje/salinas-serrano-pedro/">Pedro Salinas</a>, <a href="https://www.universolorca.com/personaje/diego-cendoya-gerardo/">Gerardo Diego</a> and Federico García Lorca.</p>
<p>In the case of Federico, the following phrase remains: &#8220;What would become of the Spanish spring, of our blood and our language, if the dramatic clarions of the bullfight were to cease to sound&#8221;. In a statement, a year before his death, he had already said: &#8220;Bullfighting is probably the greatest vital poetic wealth of Spain&#8221;. The artistic union of the friends had been linked forever.</p>
