{"id":7645,"date":"2021-08-05T10:11:21","date_gmt":"2021-08-05T10:11:21","guid":{"rendered":"https:\/\/www.universolorca.com\/vinculo-obra-literar\/tea_08-13\/"},"modified":"2021-10-20T11:40:04","modified_gmt":"2021-10-20T11:40:04","slug":"tea_08-13","status":"publish","type":"vinculo_obra_literar","link":"https:\/\/www.universolorca.com\/en\/vinculo-obra-literar\/tea_08-13\/","title":{"rendered":"TEA_08-13"},"content":{"rendered":"<p>The pilgrimage with which <em>Yerma<\/em> ends is inspired by that of the <a href=\"https:\/\/www.universolorca.com\/en\/lugar\/santuario-del-cristo-de-pano-de-moclin\/\">Cristo del Pa\u00f1o de Mocl\u00edn (Christ of the Cloth of Mocl\u00edn)<\/a> (a village located at the eastern end of the Granada region of Loja province). The pilgrimage dates back to the 17th century and is still celebrated every October 5. A human stream climbs the hill where the hermitage stands venerating the rather rough canvas of the Cristo del Pa\u00f1o to ask for favors of all kinds.<\/p>\n<p>The legend about the bacchanals, orgies and pagan rites in which the pilgrimage ended at night, caused a bad reputation that even led to its prohibition by the Franco regime. In the <a href=\"https:\/\/www.universolorca.com\/en\/lugar\/casa-familiar-de-valderrubio\/\">family house in Valderrubio<\/a>, the Garc\u00eda Lorca family kept a lithograph of the Cristo del Pa\u00f1o, very popular in the Vega despite its heretical dissonances, which must have inspired Federico. For <a href=\"https:\/\/www.universolorca.com\/en\/personaje\/garcia-lorca-francisco\/\">Francisco,<\/a> it was an expression of popular inventiveness, but for <a href=\"https:\/\/www.universolorca.com\/en\/personaje\/garcia-lorca-isabel\/\">Isabel<\/a>, it was a pilgrimage &#8220;full of scandal, of violence&#8221;. Both confess, however, that they were never there.<\/p>\n<figure id=\"attachment_4506\" class=\"thumbnail wp-caption aligncenter\" style=\"width: 1210px\"><a href=\"https:\/\/www.universolorca.com\/wp-content\/uploads\/2019\/01\/V04_Romeria-del-Cristo-del-Pano-de-Moclin2.jpg\"><img loading=\"lazy\" decoding=\"async\" class=\"wp-image-7646 size-full\" src=\"https:\/\/www.universolorca.com\/wp-content\/uploads\/2019\/01\/V04_Romeria-del-Cristo-del-Pano-de-Moclin2.jpg\" alt=\"Pilgrimage of the Christ of the Cloth.\" width=\"1200\" height=\"793\" srcset=\"https:\/\/www.universolorca.com\/wp-content\/uploads\/2019\/01\/V04_Romeria-del-Cristo-del-Pano-de-Moclin2.jpg 1200w, https:\/\/www.universolorca.com\/wp-content\/uploads\/2019\/01\/V04_Romeria-del-Cristo-del-Pano-de-Moclin2-300x198.jpg 300w, https:\/\/www.universolorca.com\/wp-content\/uploads\/2019\/01\/V04_Romeria-del-Cristo-del-Pano-de-Moclin2-768x508.jpg 768w, https:\/\/www.universolorca.com\/wp-content\/uploads\/2019\/01\/V04_Romeria-del-Cristo-del-Pano-de-Moclin2-1024x677.jpg 1024w, https:\/\/www.universolorca.com\/wp-content\/uploads\/2019\/01\/V04_Romeria-del-Cristo-del-Pano-de-Moclin2-200x132.jpg 200w, https:\/\/www.universolorca.com\/wp-content\/uploads\/2019\/01\/V04_Romeria-del-Cristo-del-Pano-de-Moclin2-330x218.jpg 330w, https:\/\/www.universolorca.com\/wp-content\/uploads\/2019\/01\/V04_Romeria-del-Cristo-del-Pano-de-Moclin2-567x375.jpg 567w, https:\/\/www.universolorca.com\/wp-content\/uploads\/2019\/01\/V04_Romeria-del-Cristo-del-Pano-de-Moclin2-320x210.jpg 320w, https:\/\/www.universolorca.com\/wp-content\/uploads\/2019\/01\/V04_Romeria-del-Cristo-del-Pano-de-Moclin2-681x450.jpg 681w\" sizes=\"(max-width: 1200px) 100vw, 1200px\" \/><\/a><figcaption class=\"caption wp-caption-text\">Pilgrimage of the Cristo del Pa\u00f1o.<\/figcaption><\/figure>\n","protected":false},"template":"","class_list":["post-7645","vinculo_obra_literar","type-vinculo_obra_literar","status-publish","hentry"],"_links":{"self":[{"href":"https:\/\/www.universolorca.com\/en\/wp-json\/wp\/v2\/vinculo_obra_literar\/7645"}],"collection":[{"href":"https:\/\/www.universolorca.com\/en\/wp-json\/wp\/v2\/vinculo_obra_literar"}],"about":[{"href":"https:\/\/www.universolorca.com\/en\/wp-json\/wp\/v2\/types\/vinculo_obra_literar"}],"wp:attachment":[{"href":"https:\/\/www.universolorca.com\/en\/wp-json\/wp\/v2\/media?parent=7645"}],"curies":[{"name":"wp","href":"https:\/\/api.w.org\/{rel}","templated":true}]}}

<p>The pilgrimage with which <em>Yerma</em> ends is inspired by that of the <a href="https://www.universolorca.com/en/lugar/santuario-del-cristo-de-pano-de-moclin/">Cristo del Paño de Moclín (Christ of the Cloth of Moclín)</a> (a village located at the eastern end of the Granada region of Loja province). The pilgrimage dates back to the 17th century and is still celebrated every October 5. A human stream climbs the hill where the hermitage stands venerating the rather rough canvas of the Cristo del Paño to ask for favors of all kinds.</p>
<p>The legend about the bacchanals, orgies and pagan rites in which the pilgrimage ended at night, caused a bad reputation that even led to its prohibition by the Franco regime. In the <a href="https://www.universolorca.com/en/lugar/casa-familiar-de-valderrubio/">family house in Valderrubio</a>, the García Lorca family kept a lithograph of the Cristo del Paño, very popular in the Vega despite its heretical dissonances, which must have inspired Federico. For <a href="https://www.universolorca.com/en/personaje/garcia-lorca-francisco/">Francisco,</a> it was an expression of popular inventiveness, but for <a href="https://www.universolorca.com/en/personaje/garcia-lorca-isabel/">Isabel</a>, it was a pilgrimage &#8220;full of scandal, of violence&#8221;. Both confess, however, that they were never there.</p>
<figure id="attachment_4506" class="thumbnail wp-caption aligncenter" style="width: 1210px"><a href="https://www.universolorca.com/wp-content/uploads/2019/01/V04_Romeria-del-Cristo-del-Pano-de-Moclin2.jpg"><img loading="lazy" decoding="async" class="wp-image-7646 size-full" src="https://www.universolorca.com/wp-content/uploads/2019/01/V04_Romeria-del-Cristo-del-Pano-de-Moclin2.jpg" alt="Pilgrimage of the Christ of the Cloth." width="1200" height="793" srcset="https://www.universolorca.com/wp-content/uploads/2019/01/V04_Romeria-del-Cristo-del-Pano-de-Moclin2.jpg 1200w, https://www.universolorca.com/wp-content/uploads/2019/01/V04_Romeria-del-Cristo-del-Pano-de-Moclin2-300x198.jpg 300w, https://www.universolorca.com/wp-content/uploads/2019/01/V04_Romeria-del-Cristo-del-Pano-de-Moclin2-768x508.jpg 768w, https://www.universolorca.com/wp-content/uploads/2019/01/V04_Romeria-del-Cristo-del-Pano-de-Moclin2-1024x677.jpg 1024w, https://www.universolorca.com/wp-content/uploads/2019/01/V04_Romeria-del-Cristo-del-Pano-de-Moclin2-200x132.jpg 200w, https://www.universolorca.com/wp-content/uploads/2019/01/V04_Romeria-del-Cristo-del-Pano-de-Moclin2-330x218.jpg 330w, https://www.universolorca.com/wp-content/uploads/2019/01/V04_Romeria-del-Cristo-del-Pano-de-Moclin2-567x375.jpg 567w, https://www.universolorca.com/wp-content/uploads/2019/01/V04_Romeria-del-Cristo-del-Pano-de-Moclin2-320x210.jpg 320w, https://www.universolorca.com/wp-content/uploads/2019/01/V04_Romeria-del-Cristo-del-Pano-de-Moclin2-681x450.jpg 681w" sizes="(max-width: 1200px) 100vw, 1200px" /></a><figcaption class="caption wp-caption-text">Pilgrimage of the Cristo del Paño.</figcaption></figure>
