{"id":7634,"date":"2021-08-05T10:11:14","date_gmt":"2021-08-05T10:11:14","guid":{"rendered":"https:\/\/www.universolorca.com\/vinculo-obra-literar\/poe_01-4\/"},"modified":"2021-08-05T10:11:14","modified_gmt":"2021-08-05T10:11:14","slug":"poe_01-4","status":"publish","type":"vinculo_obra_literar","link":"https:\/\/www.universolorca.com\/en\/vinculo-obra-literar\/poe_01-4\/","title":{"rendered":"POE_01-4"},"content":{"rendered":"<figure id=\"attachment_4329\" class=\"thumbnail wp-caption aligncenter\" style=\"width: 1210px\"><a href=\"https:\/\/www.universolorca.com\/wp-content\/uploads\/2019\/01\/V03_OLD_Lorca-y-parte-de-su-familia-en-Valderrubio-rio-cubillas-fuente-teja.jpg\"><img loading=\"lazy\" decoding=\"async\" class=\"wp-image-7635 size-full\" src=\"https:\/\/www.universolorca.com\/wp-content\/uploads\/2019\/01\/V03_OLD_Lorca-y-parte-de-su-familia-en-Valderrubio-rio-cubillas-fuente-teja.jpg\" alt=\"Lorca and his siblings at river Cubillas.\" width=\"1200\" height=\"714\" srcset=\"https:\/\/www.universolorca.com\/wp-content\/uploads\/2019\/01\/V03_OLD_Lorca-y-parte-de-su-familia-en-Valderrubio-rio-cubillas-fuente-teja.jpg 1200w, https:\/\/www.universolorca.com\/wp-content\/uploads\/2019\/01\/V03_OLD_Lorca-y-parte-de-su-familia-en-Valderrubio-rio-cubillas-fuente-teja-300x179.jpg 300w, https:\/\/www.universolorca.com\/wp-content\/uploads\/2019\/01\/V03_OLD_Lorca-y-parte-de-su-familia-en-Valderrubio-rio-cubillas-fuente-teja-768x457.jpg 768w, https:\/\/www.universolorca.com\/wp-content\/uploads\/2019\/01\/V03_OLD_Lorca-y-parte-de-su-familia-en-Valderrubio-rio-cubillas-fuente-teja-1024x609.jpg 1024w, https:\/\/www.universolorca.com\/wp-content\/uploads\/2019\/01\/V03_OLD_Lorca-y-parte-de-su-familia-en-Valderrubio-rio-cubillas-fuente-teja-200x119.jpg 200w, https:\/\/www.universolorca.com\/wp-content\/uploads\/2019\/01\/V03_OLD_Lorca-y-parte-de-su-familia-en-Valderrubio-rio-cubillas-fuente-teja-330x196.jpg 330w, https:\/\/www.universolorca.com\/wp-content\/uploads\/2019\/01\/V03_OLD_Lorca-y-parte-de-su-familia-en-Valderrubio-rio-cubillas-fuente-teja-630x375.jpg 630w, https:\/\/www.universolorca.com\/wp-content\/uploads\/2019\/01\/V03_OLD_Lorca-y-parte-de-su-familia-en-Valderrubio-rio-cubillas-fuente-teja-690x411.jpg 690w\" sizes=\"(max-width: 1200px) 100vw, 1200px\" \/><\/a><figcaption class=\"caption wp-caption-text\">Lorca and his siblings at river Cubillas. \/ Photo: FGL Foundation<\/figcaption><\/figure>\n<p>From the indications given by the poet himself after the title (date and place), we can relate the elements that appear in these poems to his landscape or his experiences in Granada and its Valley:<\/p>\n<p>\u2022 We know (from his sister <a href=\"https:\/\/www.universolorca.com\/en\/personaje\/garcia-lorca-isabel\/\">Isabel<\/a>, who tells us so in her book <em>Recuerdos m\u00edos (My Memories)<\/em>) that many of the children&#8217;s games or folk songs of the Valley appear in these poems: <em>Balada Triste (Sad ballad), Santiago, Balada Interior (Interior ballad) \u201cFr\u00edo, fr\u00edo [&#8220;Cold, cold] \/ como el agua del r\u00edo\u201d [like the river water&#8221;]), Balada de la placeta (Little Square Ballad), Balada de un d\u00eda de julio (Ballad of a Day in July)<\/em>.<\/p>\n<p>\u2022 The references to the river or the fountain make us think of the river Cubillas (tributary of the Genil) or <a href=\"https:\/\/www.universolorca.com\/en\/lugar\/fuente-de-la-teja\/\">Fountain of la Teja <\/a> or La Carrura: <em>como el agua del r\u00edo\u201d (&#8220;My Heart Rests Beside the Cool Fountain&#8221;)<\/em> (poem Sue\u00f1o (Dream), 1919).<\/p>\n<p>\u2022 The harvest season is reflected in some poems, such as <em>Espigas (Ears of Corn)<\/em>. Federico&#8217;s family moved to the countryside precisely after the Corpus Christi festivities in Granada for the wheat harvest.<\/p>\n<p>&#8211; We see the literary use of religious elements or popular imagery such as Satan, Lucifer or the goat that appears in several of these poems: <em>CoRaz\u00f3n nuevo (New Heart), Pr\u00f3logo (Prolog), Mar (Sea), Sue\u00f1o (Dream), (El macho cabr\u00edo (The Billy Goat) <\/em>&#8230;. And of references to life in Granada and, above all, in the countryside: bells, white snow (<em>Elegy<\/em>), countryside, poplars, black poplars, river, fountain, spring, frogs.\u2026<\/p>\n","protected":false},"template":"","class_list":["post-7634","vinculo_obra_literar","type-vinculo_obra_literar","status-publish","hentry"],"_links":{"self":[{"href":"https:\/\/www.universolorca.com\/en\/wp-json\/wp\/v2\/vinculo_obra_literar\/7634"}],"collection":[{"href":"https:\/\/www.universolorca.com\/en\/wp-json\/wp\/v2\/vinculo_obra_literar"}],"about":[{"href":"https:\/\/www.universolorca.com\/en\/wp-json\/wp\/v2\/types\/vinculo_obra_literar"}],"wp:attachment":[{"href":"https:\/\/www.universolorca.com\/en\/wp-json\/wp\/v2\/media?parent=7634"}],"curies":[{"name":"wp","href":"https:\/\/api.w.org\/{rel}","templated":true}]}}

<figure id="attachment_4329" class="thumbnail wp-caption aligncenter" style="width: 1210px"><a href="https://www.universolorca.com/wp-content/uploads/2019/01/V03_OLD_Lorca-y-parte-de-su-familia-en-Valderrubio-rio-cubillas-fuente-teja.jpg"><img loading="lazy" decoding="async" class="wp-image-7635 size-full" src="https://www.universolorca.com/wp-content/uploads/2019/01/V03_OLD_Lorca-y-parte-de-su-familia-en-Valderrubio-rio-cubillas-fuente-teja.jpg" alt="Lorca and his siblings at river Cubillas." width="1200" height="714" srcset="https://www.universolorca.com/wp-content/uploads/2019/01/V03_OLD_Lorca-y-parte-de-su-familia-en-Valderrubio-rio-cubillas-fuente-teja.jpg 1200w, https://www.universolorca.com/wp-content/uploads/2019/01/V03_OLD_Lorca-y-parte-de-su-familia-en-Valderrubio-rio-cubillas-fuente-teja-300x179.jpg 300w, https://www.universolorca.com/wp-content/uploads/2019/01/V03_OLD_Lorca-y-parte-de-su-familia-en-Valderrubio-rio-cubillas-fuente-teja-768x457.jpg 768w, https://www.universolorca.com/wp-content/uploads/2019/01/V03_OLD_Lorca-y-parte-de-su-familia-en-Valderrubio-rio-cubillas-fuente-teja-1024x609.jpg 1024w, https://www.universolorca.com/wp-content/uploads/2019/01/V03_OLD_Lorca-y-parte-de-su-familia-en-Valderrubio-rio-cubillas-fuente-teja-200x119.jpg 200w, https://www.universolorca.com/wp-content/uploads/2019/01/V03_OLD_Lorca-y-parte-de-su-familia-en-Valderrubio-rio-cubillas-fuente-teja-330x196.jpg 330w, https://www.universolorca.com/wp-content/uploads/2019/01/V03_OLD_Lorca-y-parte-de-su-familia-en-Valderrubio-rio-cubillas-fuente-teja-630x375.jpg 630w, https://www.universolorca.com/wp-content/uploads/2019/01/V03_OLD_Lorca-y-parte-de-su-familia-en-Valderrubio-rio-cubillas-fuente-teja-690x411.jpg 690w" sizes="(max-width: 1200px) 100vw, 1200px" /></a><figcaption class="caption wp-caption-text">Lorca and his siblings at river Cubillas. / Photo: FGL Foundation</figcaption></figure>
<p>From the indications given by the poet himself after the title (date and place), we can relate the elements that appear in these poems to his landscape or his experiences in Granada and its Valley:</p>
<p>• We know (from his sister <a href="https://www.universolorca.com/en/personaje/garcia-lorca-isabel/">Isabel</a>, who tells us so in her book <em>Recuerdos míos (My Memories)</em>) that many of the children&#8217;s games or folk songs of the Valley appear in these poems: <em>Balada Triste (Sad ballad), Santiago, Balada Interior (Interior ballad) “Frío, frío [&#8220;Cold, cold] / como el agua del río” [like the river water&#8221;]), Balada de la placeta (Little Square Ballad), Balada de un día de julio (Ballad of a Day in July)</em>.</p>
<p>• The references to the river or the fountain make us think of the river Cubillas (tributary of the Genil) or <a href="https://www.universolorca.com/en/lugar/fuente-de-la-teja/">Fountain of la Teja </a> or La Carrura: <em>como el agua del río” (&#8220;My Heart Rests Beside the Cool Fountain&#8221;)</em> (poem Sueño (Dream), 1919).</p>
<p>• The harvest season is reflected in some poems, such as <em>Espigas (Ears of Corn)</em>. Federico&#8217;s family moved to the countryside precisely after the Corpus Christi festivities in Granada for the wheat harvest.</p>
<p>&#8211; We see the literary use of religious elements or popular imagery such as Satan, Lucifer or the goat that appears in several of these poems: <em>CoRazón nuevo (New Heart), Prólogo (Prolog), Mar (Sea), Sueño (Dream), (El macho cabrío (The Billy Goat) </em>&#8230;. And of references to life in Granada and, above all, in the countryside: bells, white snow (<em>Elegy</em>), countryside, poplars, black poplars, river, fountain, spring, frogs.…</p>
