{"id":10281,"date":"2019-12-24T10:39:10","date_gmt":"2019-12-24T10:39:10","guid":{"rendered":"https:\/\/www.universolorca.com\/personaje\/girl-of-the-combs-pastora-pavon-cruz\/"},"modified":"2023-10-17T06:51:38","modified_gmt":"2023-10-17T06:51:38","slug":"girl-of-the-combs-pastora-pavon-cruz","status":"publish","type":"personaje","link":"https:\/\/www.universolorca.com\/en\/personaje\/girl-of-the-combs-pastora-pavon-cruz\/","title":{"rendered":"Ni\u00f1a de los Peines (Pastora Pav\u00f3n Cruz)"},"content":{"rendered":"<p>Pastora Pav\u00f3n Cruz, nicknamed <em>Ni\u00f1a de los Peines (Girl of the Combs)<\/em>, is one of the main voices of gypsy and Andalusian flamenco singing of all times. She was born on February 10, 1890 in the Sevillian district of Puerta Osario and died in Calatrava Street in Seville on November 26, 1969. Her name is linked to <a href=\"https:\/\/www.universolorca.com\/en\/personaje\/falla-matheu-manuel-de\/\">Manuel de Falla<\/a>, Federico Garc\u00eda Lorca and <a href=\"https:\/\/www.universolorca.com\/en\/personaje\/lopez-julvez-encarnacion-la-argentinita\/\">La Argentinita<\/a>, among others, whom she met in her prime as a singer in the nineteen twenties and thirties.<\/p>\n<p>She was born into a family of singers. Her father was Francisco Pav\u00f3n Cruz, <em>El Pa\u00edti<\/em>, a blacksmith by profession, and her mother Pastora Cruz Vargas. Two of her brothers, Tom\u00e1s and Arturo Pav\u00f3n, were also dedicated to flamenco. Arturo, in particular, was also a masterful artist who had inherited his maternal grandfather&#8217;s skills in the interpretation of tangos.<\/p>\n<blockquote><p>Lorca said of her: &#8220;Mistress of moans, creature martyred by the moon or angry bacchante. Green gypsy mask to whom the &#8216;duende&#8217; puts trembling cheeks of freshly kissed girls. The voice of this woman is exceptional, it breaks the molds of all singing schools as it breaks the molds of all constructed music. [&#8230;]&#8221;<\/p><\/blockquote>\n<p>Pastora made her debut at the age of eight with her brother Arturo in a stand at the Seville Fair to replace a duo of artists who had gotten drunk in the heat of the party. At the age of thirteen she made her debut in Madrid at the Caf\u00e9 del Brillante and began her consecration as a singer. The painter <a href=\"https:\/\/www.universolorca.com\/en\/personaje\/zuloaga-zabaleta-ignacio\/\">Ignacio Zuloaga<\/a>, friend of Falla and collaborator in the organization of the <a href=\"https:\/\/www.universolorca.com\/en\/the-flamenco-song-contest-of-1922\/\">1922 Flamenco Song Contest<\/a> in Granada (he offered a prize of one thousand pesetas to the best gypsy siguiriya), met her by chance at the Brillante and was so impressed by her art that he proposed that she should perform in Bilbao at the Caf\u00e9 de las Columnas and to pose in his studio. Later she was also painted by Julio Romero de Torres. Her artistic name comes from some <em>tientos (flamenco songs)<\/em>\u00a0that she used to interpret: \u201cP\u00e9inate t\u00fa con mis peines [Comb your hair with my combs] \/ que mis peines son de az\u00facar [my combs are made of sugar]&#8221; .<\/p>\n<p>On her return from Madrid she performed in M\u00e1laga and Jerez and recorded her first records for Zonophone in 1910. It is the time when she rubs shoulders with <a href=\"https:\/\/www.universolorca.com\/en\/personaje\/chacon-garcia-antonio\/\">Antonio Chac\u00f3n<\/a> and is proclaimed by fans as the Queen of Flamenco Singing. She begins her relationship with Manuel Escacena, with whom she apparently had a daughter.<\/p>\n<p><a href=\"https:\/\/www.universolorca.com\/wp-content\/uploads\/2019\/12\/Nina-de-los-peines_1.jpg\"><img loading=\"lazy\" decoding=\"async\" class=\"aligncenter size-full wp-image-10282\" src=\"https:\/\/www.universolorca.com\/wp-content\/uploads\/2019\/12\/Nina-de-los-peines_1.jpg\" alt=\"Pastora Pav\u00f3n Cruz, The Girl of the Combs\" width=\"361\" height=\"512\" srcset=\"https:\/\/www.universolorca.com\/wp-content\/uploads\/2019\/12\/Nina-de-los-peines_1.jpg 361w, https:\/\/www.universolorca.com\/wp-content\/uploads\/2019\/12\/Nina-de-los-peines_1-212x300.jpg 212w, https:\/\/www.universolorca.com\/wp-content\/uploads\/2019\/12\/Nina-de-los-peines_1-197x280.jpg 197w, https:\/\/www.universolorca.com\/wp-content\/uploads\/2019\/12\/Nina-de-los-peines_1-330x468.jpg 330w, https:\/\/www.universolorca.com\/wp-content\/uploads\/2019\/12\/Nina-de-los-peines_1-264x375.jpg 264w\" sizes=\"(max-width: 361px) 100vw, 361px\" \/><\/a><\/p>\n<p>In 1922, she was invited by Manuel de Falla and Zuloaga to participate as a member of the jury in the Flamenco Song Contest held in June in the <a href=\"https:\/\/www.universolorca.com\/en\/lugar\/plaza-de-los-aljibes\/\">Plaza de los Aljibes<\/a> in Granada. Garc\u00eda Lorca met her at the house of Encarnaci\u00f3n L\u00f3pez J\u00falvez, <em>La Argentinita<\/em>. The poet from Granada never forgot her. In 1933, in a speech on deep song that he read in Buenos Aires, he said of her: &#8220;Mistress of moans, creature martyred by the moon or furious bacchante. Green gypsy mask to whom the <a href=\"https:\/\/en.wikipedia.org\/wiki\/Duende_(art)\"><em>duende<\/em><\/a>\u00a0puts trembling cheeks of freshly kissed girls. The voice of this woman is exceptional, it breaks the molds of all singing schools just as it breaks the molds of all constructed music. When it seems that she is out of tune, it is not that she is, quite the contrary, she is incredibly in tune, since by a special miracle of style and passion she gives thirds and quarter tones impossible to register on the stave&#8221;.<\/p>\n<p><a href=\"https:\/\/www.universolorca.com\/en\/personaje\/garcia-lorca-isabel\/\">Isabel Garc\u00eda Lorca<\/a> recalls Federico&#8217;s predilection for Pastora and Tom\u00e1s Pav\u00f3n during the summers in the <a href=\"https:\/\/www.universolorca.com\/en\/lugar\/huerta-de-san-vicente\/\">Huerta de san Vicente farmhouse<\/a>: &#8220;We had a gramophone and Federico played many records of classical music -especially Bach and Mozart- and deep song. I still have the records of <a href=\"https:\/\/www.universolorca.com\/en\/personaje\/torre-manuel-manuel-soto-lozano\/\">Manuel Torre<\/a>, Ni\u00f1a de los Peines and, in addition, the records of her brother Tom\u00e1s Pav\u00f3n. That of `te tienes que quedar [you have to stay] \/ con el <em>deo<\/em> se\u00f1alando [ with your finger pointing out ] \/ como se qued\u00f3 San Juan [how San Juan stayed&#8217;]&#8217; almost made us sick of hearing it so much&#8221;.<\/p>\n<blockquote><p>In the 1940s, Ni\u00f1a de los Peines popularized a song she called <em>Lorca\u2019s Songs<\/em>, either because it was inspired by the poet from Granada or because it was a tribute to his memory.<\/p><\/blockquote>\n<p>During the Civil War she took refuge in Madrid with her partner Jos\u00e9 Torres Garz\u00f3n, <em>Pepe Pinto<\/em>. At the end of the war she joined Concha Piquer&#8217;s company, which included La Macarrona, La Malena, La Ignacia, Mar\u00eda Albaic\u00edn, Mari Paz, Pepe el Limpio, Rafael Ortega, Peric\u00f3n de C\u00e1diz and Melchor de Marchena.\u00a0When the tour ended, she retired for several years and did not return until 1949 with the Seville premiere of <em>Spain with its Singer<\/em>. Although it was an immediate success in Seville, it failed to attract audiences in other cities. It was the beginning of a decline wrapped in tributes that culminated with her death in 1969.<\/p>\n<p>Her recordings, made up of 355 plates containing 258 songs, were declared by the Andalusian Government to be of Cultural Interest.<\/p>\n<p>&nbsp;<\/p>\n","protected":false},"excerpt":{"rendered":"<p>Pastora Pav\u00f3n Cruz, nicknamed Ni\u00f1a de los Peines (Girl of the Combs), is one of the main voices of gypsy and Andalusian flamenco singing of all times. She was born [&hellip;]<\/p>\n","protected":false},"featured_media":10284,"template":"","agrupacion":[134],"class_list":["post-10281","personaje","type-personaje","status-publish","has-post-thumbnail","hentry","agrupacion-musicians"],"_links":{"self":[{"href":"https:\/\/www.universolorca.com\/en\/wp-json\/wp\/v2\/personaje\/10281"}],"collection":[{"href":"https:\/\/www.universolorca.com\/en\/wp-json\/wp\/v2\/personaje"}],"about":[{"href":"https:\/\/www.universolorca.com\/en\/wp-json\/wp\/v2\/types\/personaje"}],"wp:featuredmedia":[{"embeddable":true,"href":"https:\/\/www.universolorca.com\/en\/wp-json\/wp\/v2\/media\/10284"}],"wp:attachment":[{"href":"https:\/\/www.universolorca.com\/en\/wp-json\/wp\/v2\/media?parent=10281"}],"wp:term":[{"taxonomy":"agrupacion","embeddable":true,"href":"https:\/\/www.universolorca.com\/en\/wp-json\/wp\/v2\/agrupacion?post=10281"}],"curies":[{"name":"wp","href":"https:\/\/api.w.org\/{rel}","templated":true}]}}

Niña de los Peines (Pastora Pavón Cruz)

<p>Pastora Pavón Cruz, nicknamed <em>Niña de los Peines (Girl of the Combs)</em>, is one of the main voices of gypsy and Andalusian flamenco singing of all times. She was born on February 10, 1890 in the Sevillian district of Puerta Osario and died in Calatrava Street in Seville on November 26, 1969. Her name is linked to <a href="https://www.universolorca.com/en/personaje/falla-matheu-manuel-de/">Manuel de Falla</a>, Federico García Lorca and <a href="https://www.universolorca.com/en/personaje/lopez-julvez-encarnacion-la-argentinita/">La Argentinita</a>, among others, whom she met in her prime as a singer in the nineteen twenties and thirties.</p>
<p>She was born into a family of singers. Her father was Francisco Pavón Cruz, <em>El Paíti</em>, a blacksmith by profession, and her mother Pastora Cruz Vargas. Two of her brothers, Tomás and Arturo Pavón, were also dedicated to flamenco. Arturo, in particular, was also a masterful artist who had inherited his maternal grandfather&#8217;s skills in the interpretation of tangos.</p>
<blockquote><p>Lorca said of her: &#8220;Mistress of moans, creature martyred by the moon or angry bacchante. Green gypsy mask to whom the &#8216;duende&#8217; puts trembling cheeks of freshly kissed girls. The voice of this woman is exceptional, it breaks the molds of all singing schools as it breaks the molds of all constructed music. [&#8230;]&#8221;</p></blockquote>
<p>Pastora made her debut at the age of eight with her brother Arturo in a stand at the Seville Fair to replace a duo of artists who had gotten drunk in the heat of the party. At the age of thirteen she made her debut in Madrid at the Café del Brillante and began her consecration as a singer. The painter <a href="https://www.universolorca.com/en/personaje/zuloaga-zabaleta-ignacio/">Ignacio Zuloaga</a>, friend of Falla and collaborator in the organization of the <a href="https://www.universolorca.com/en/the-flamenco-song-contest-of-1922/">1922 Flamenco Song Contest</a> in Granada (he offered a prize of one thousand pesetas to the best gypsy siguiriya), met her by chance at the Brillante and was so impressed by her art that he proposed that she should perform in Bilbao at the Café de las Columnas and to pose in his studio. Later she was also painted by Julio Romero de Torres. Her artistic name comes from some <em>tientos (flamenco songs)</em> that she used to interpret: “Péinate tú con mis peines [Comb your hair with my combs] / que mis peines son de azúcar [my combs are made of sugar]&#8221; .</p>
<p>On her return from Madrid she performed in Málaga and Jerez and recorded her first records for Zonophone in 1910. It is the time when she rubs shoulders with <a href="https://www.universolorca.com/en/personaje/chacon-garcia-antonio/">Antonio Chacón</a> and is proclaimed by fans as the Queen of Flamenco Singing. She begins her relationship with Manuel Escacena, with whom she apparently had a daughter.</p>
<p><a href="https://www.universolorca.com/wp-content/uploads/2019/12/Nina-de-los-peines_1.jpg"><img loading="lazy" decoding="async" class="aligncenter size-full wp-image-10282" src="https://www.universolorca.com/wp-content/uploads/2019/12/Nina-de-los-peines_1.jpg" alt="Pastora Pavón Cruz, The Girl of the Combs" width="361" height="512" srcset="https://www.universolorca.com/wp-content/uploads/2019/12/Nina-de-los-peines_1.jpg 361w, https://www.universolorca.com/wp-content/uploads/2019/12/Nina-de-los-peines_1-212x300.jpg 212w, https://www.universolorca.com/wp-content/uploads/2019/12/Nina-de-los-peines_1-197x280.jpg 197w, https://www.universolorca.com/wp-content/uploads/2019/12/Nina-de-los-peines_1-330x468.jpg 330w, https://www.universolorca.com/wp-content/uploads/2019/12/Nina-de-los-peines_1-264x375.jpg 264w" sizes="(max-width: 361px) 100vw, 361px" /></a></p>
<p>In 1922, she was invited by Manuel de Falla and Zuloaga to participate as a member of the jury in the Flamenco Song Contest held in June in the <a href="https://www.universolorca.com/en/lugar/plaza-de-los-aljibes/">Plaza de los Aljibes</a> in Granada. García Lorca met her at the house of Encarnación López Júlvez, <em>La Argentinita</em>. The poet from Granada never forgot her. In 1933, in a speech on deep song that he read in Buenos Aires, he said of her: &#8220;Mistress of moans, creature martyred by the moon or furious bacchante. Green gypsy mask to whom the <a href="https://en.wikipedia.org/wiki/Duende_(art)"><em>duende</em></a> puts trembling cheeks of freshly kissed girls. The voice of this woman is exceptional, it breaks the molds of all singing schools just as it breaks the molds of all constructed music. When it seems that she is out of tune, it is not that she is, quite the contrary, she is incredibly in tune, since by a special miracle of style and passion she gives thirds and quarter tones impossible to register on the stave&#8221;.</p>
<p><a href="https://www.universolorca.com/en/personaje/garcia-lorca-isabel/">Isabel García Lorca</a> recalls Federico&#8217;s predilection for Pastora and Tomás Pavón during the summers in the <a href="https://www.universolorca.com/en/lugar/huerta-de-san-vicente/">Huerta de san Vicente farmhouse</a>: &#8220;We had a gramophone and Federico played many records of classical music -especially Bach and Mozart- and deep song. I still have the records of <a href="https://www.universolorca.com/en/personaje/torre-manuel-manuel-soto-lozano/">Manuel Torre</a>, Niña de los Peines and, in addition, the records of her brother Tomás Pavón. That of `te tienes que quedar [you have to stay] / con el <em>deo</em> señalando [ with your finger pointing out ] / como se quedó San Juan [how San Juan stayed&#8217;]&#8217; almost made us sick of hearing it so much&#8221;.</p>
<blockquote><p>In the 1940s, Niña de los Peines popularized a song she called <em>Lorca’s Songs</em>, either because it was inspired by the poet from Granada or because it was a tribute to his memory.</p></blockquote>
<p>During the Civil War she took refuge in Madrid with her partner José Torres Garzón, <em>Pepe Pinto</em>. At the end of the war she joined Concha Piquer&#8217;s company, which included La Macarrona, La Malena, La Ignacia, María Albaicín, Mari Paz, Pepe el Limpio, Rafael Ortega, Pericón de Cádiz and Melchor de Marchena. When the tour ended, she retired for several years and did not return until 1949 with the Seville premiere of <em>Spain with its Singer</em>. Although it was an immediate success in Seville, it failed to attract audiences in other cities. It was the beginning of a decline wrapped in tributes that culminated with her death in 1969.</p>
<p>Her recordings, made up of 355 plates containing 258 songs, were declared by the Andalusian Government to be of Cultural Interest.</p>
<p>&nbsp;</p>

<p>Pastora Pavón Cruz, nicknamed Niña de los Peines (Girl of the Combs), is one of the main voices of gypsy and Andalusian flamenco singing of all times. She was born [&hellip;]</p>
