{"id":10172,"date":"2021-09-14T10:27:39","date_gmt":"2021-09-14T10:27:39","guid":{"rendered":"https:\/\/www.universolorca.com\/personaje\/dario-ruben-felix-ruben-garcia-sarmiento\/"},"modified":"2021-10-22T11:41:37","modified_gmt":"2021-10-22T11:41:37","slug":"dario-ruben-felix-ruben-garcia-sarmiento","status":"publish","type":"personaje","link":"https:\/\/www.universolorca.com\/en\/personaje\/dario-ruben-felix-ruben-garcia-sarmiento\/","title":{"rendered":"Dar\u00edo, Rub\u00e9n (F\u00e9lix Rub\u00e9n Garc\u00eda Sarmiento)"},"content":{"rendered":"<p>Nicaraguan writer and diplomat, maximum representative of literary Modernism in the Spanish language. He influenced all Spanish writers of the late nineteenth and early twentieth centuries. Federico Garc\u00eda Lorca was formed with his poetry and in his first texts the guidance of this author is clearly perceived. In Rub\u00e9n Dar\u00edo he found not only a poetic model, but a feeling very similar to his own, the mixture of the pagan and the Christian, the desire to live fully, sensuality, have faith in poetry, creative energy, the image of the Granada that Dar\u00edo visited at the beginning of the century and which made him reflect on the loss caused by the expulsion of the Arabs, of its wise men, its cultured men, its poets&#8230; There are echoes of <em>Solar Lands<\/em> in Federico&#8217;s first book, <a href=\"https:\/\/www.universolorca.com\/en\/obra-literaria\/impresiones-y-paisajes\/\"><em>Impressions and Landscapes<\/em><\/a>(as Adriano del Valle perceived it). In his juvenile texts he quotes the Nicaraguan on more than one occasion and in his <a href=\"https:\/\/www.universolorca.com\/en\/obra-literaria\/libro-de-poemas\/\"><em>Book of Poems<\/em><\/a> the poet&#8217;s imprint can still be clearly traced.<\/p>\n<p>His name was F\u00e9lix Rub\u00e9n Garc\u00eda Sarmiento, but his father&#8217;s family was known as &#8220;los Dar\u00edos&#8221; and that is why he adopted this surname. He was born in Metapa, Nicaragua, in 1867. He grew up with his great uncles and aunts. It seems that he was a precocious child and learned to read very early. He was also precocious when it came to writing and publishing. He was a great reader of Victor Hugo, an author he always considered his teacher.<\/p>\n<p>He studied in Managua and at the age of 15 he moved to El Salvador, although for a short time due to economic and health problems. He found work in the National Library of Managua and began to publish in different newspapers. From that time (1885) is his first book,\u00a0<em>First Notes<\/em>.<\/p>\n<blockquote><p>Federico Garc\u00eda Lorca was formed with his poetry and in his first texts the guidance of the Nicaraguan author is clearly perceived.<\/p><\/blockquote>\n<p>In 1886, he moved to Chile where he spent three years writing in newspapers and magazines. Thanks to Pedro Balmaceda Toro, writer and son of President Jos\u00e9 Manuel Balmaceda, he published his first book of poems, <em>Eye-Opener<\/em>, in 1887. After a season in Valpara\u00edso, he returned to the capital and began working in <em>El Heraldo<\/em>. In Valpara\u00edso, <em>Azul\u00a0<\/em>appeared in July 1888, a key book for Hispanic Modernism. From this publication his fame grew, he found employment as a correspondent for <em>La Naci\u00f3n<\/em> of Buenos Aires and shortly after was appointed director of <em>La Uni\u00f3n<\/em>, in San Salvador. He married Rafaela Contreras Ca\u00f1as.<\/p>\n<p>In 1890, he took over the direction of a new newspaper, <em>El Correo de la Tarde,<\/em> and published the second edition of <em>Azul<\/em>.<\/p>\n<p>In the following years he worked as a journalist in different Central American countries and finally, in 1892, he traveled to Spain with the Nicaraguan delegation of the fourth centenary of the discovery of America. In Madrid he surrounded himself with a circle of writers including Jos\u00e9 Zorrilla, Salvador Rueda, Juan Valera or Emilia Pardo Baz\u00e1n. He soon had to return to San Salvador because his wife fell ill and died.<\/p>\n<p>In 1893, he marries Rosario Murillo, becomes honorary consul in Buenos Aires where he continues writing poems and publishing in several prestigious newspapers. His life there is full of excesses and he has to receive medical care on more than one occasion. In 1895, he is left without the job of consul but finds another as director of the post office.<\/p>\n<p><a href=\"https:\/\/www.universolorca.com\/wp-content\/uploads\/2019\/12\/Ruben-Dario_1_ul.jpg\"><img loading=\"lazy\" decoding=\"async\" class=\"aligncenter size-full wp-image-10173\" src=\"https:\/\/www.universolorca.com\/wp-content\/uploads\/2019\/12\/Ruben-Dario_1_ul.jpg\" alt=\"Rub\u00e9n Dar\u00edo\" width=\"500\" height=\"606\" srcset=\"https:\/\/www.universolorca.com\/wp-content\/uploads\/2019\/12\/Ruben-Dario_1_ul.jpg 500w, https:\/\/www.universolorca.com\/wp-content\/uploads\/2019\/12\/Ruben-Dario_1_ul-248x300.jpg 248w, https:\/\/www.universolorca.com\/wp-content\/uploads\/2019\/12\/Ruben-Dario_1_ul-200x242.jpg 200w, https:\/\/www.universolorca.com\/wp-content\/uploads\/2019\/12\/Ruben-Dario_1_ul-330x400.jpg 330w, https:\/\/www.universolorca.com\/wp-content\/uploads\/2019\/12\/Ruben-Dario_1_ul-309x375.jpg 309w\" sizes=\"(max-width: 500px) 100vw, 500px\" \/><\/a><\/p>\n<p>He publishes two books, <em>The Rare Ones<\/em> and <em>Profane Hymns and Other Poems, <\/em>fundamental again for Hispanic Modernism. Years later, when Lorca and <a href=\"https:\/\/www.universolorca.com\/en\/personaje\/neruda-pablo-ricardo-eliecer-neftali-reyes-basoalto\/\">Neruda<\/a> met in Buenos Aires, at a dinner in tribute to Federico, they made a speech \u201cjointly&#8221; vindicating Dar\u00edo. They both considered that the city had unjustly forgotten him and had not bothered to remember him.<\/p>\n<p>In 1898, Dar\u00edo traveled to Spain, where he won the admiration of <a href=\"https:\/\/www.universolorca.com\/en\/personaje\/jimenez-mantecon-juan-ramon\/\">Juan Ram\u00f3n Jim\u00e9nez<\/a> and Valle-Incl\u00e1n, as a correspondent for <em>La Naci\u00f3n<\/em> to cover the Disaster of &#8217;98. His chronicles were collected in 1901 in the book <em>Contemporary Spain. Cr\u00f3nicas y retratos literarios<\/em>. In 1902, in Paris he met <a href=\"https:\/\/www.universolorca.com\/en\/personaje\/machado-ruiz-antonio\/\">Antonio Machado<\/a>. He was appointed consul to Nicaragua, which gave him some relief now that he had a new partner and a son with her (although this, like the next two, was to die: only the fourth survived). In Spain, he published <em>Songs of Life and Hope, the swans and other poems<\/em>, edited by Juan Ram\u00f3n Jim\u00e9nez.<\/p>\n<blockquote><p>Lorca&#8217;s devotion to Rub\u00e9n Dar\u00edo was maintained throughout his life. In his last months, in a tribute to Valle-Incl\u00e1n who had just died, Federico&#8217;s intervention consisted of reading texts by Dar\u00edo, among them, the two sonnets that the latter dedicated to Valle-Incl\u00e1n.<\/p><\/blockquote>\n<p>In 1906, he returned to Paris and later to Mallorca, where he met Santiago Rusi\u00f1ol and other artists. He had personal problems (his first wife did not accept a divorce if not in exchange for high financial compensation) and health problems. He moved to Nicaragua to solve his problems before the courts. He was received with many honors and was given another post in Madrid, but due to financial difficulties he had to resign in 1909 and return to Paris where he continued writing and publishing, increasingly ill.<\/p>\n<p>In 1912, he agreed to direct the magazines <em>Mundial<\/em> and <em>Elegancias<\/em>. He toured several Latin American cities and published his autobiography <em>The Life of Rub\u00e9n Dar\u00edo written by Himself<\/em> and <em>History of my Books<\/em>.<\/p>\n<p>He travels again to the French capital, passes through Mallorca (where his health problems are accentuated) and in Barcelona he publishes his last poetic work, <em>Song to the Argentine and other Poems<\/em>. After the outbreak of World War I he returned to America.<\/p>\n<p>He died in Le\u00f3n, Nicaragua, on February 6, 1916 and was buried in the Cathedral. In that same year, a month after his death, in Granada, at the <a href=\"https:\/\/www.universolorca.com\/en\/lugar\/centro-artistico\/\">Centro Art\u00edstico<\/a>, a poetic evening dedicated to the Nicaraguan was held, attended by Lorca. The <em>rinconcillista<\/em> <a href=\"https:\/\/www.universolorca.com\/en\/personaje\/soriano-lapresa-o-de-la-presa-francisco\/\">Francisco Soriano Lapresa<\/a> dedicated a speech to him. It was the year in which Federico discovered his literary vocation, according to <a href=\"https:\/\/www.universolorca.com\/en\/personaje\/garcia-lorca-francisco\/\">Francisco Garc\u00eda Lorca<\/a>.<\/p>\n<p>Lorca&#8217;s devotion to Rub\u00e9n Dar\u00edo remained throughout his life. In his last months, in a tribute to Valle-Incl\u00e1n who had just died, Federico&#8217;s intervention consisted of reading texts by Dar\u00edo, among them, the two sonnets that the latter dedicated to Valle-Incl\u00e1n.<\/p>\n","protected":false},"excerpt":{"rendered":"<p>Nicaraguan writer and diplomat, maximum representative of literary Modernism in the Spanish language. He influenced all Spanish writers of the late nineteenth and early twentieth centuries. Federico Garc\u00eda Lorca was [&hellip;]<\/p>\n","protected":false},"featured_media":10175,"template":"","agrupacion":[128],"class_list":["post-10172","personaje","type-personaje","status-publish","has-post-thumbnail","hentry","agrupacion-writers-and-journalists"],"_links":{"self":[{"href":"https:\/\/www.universolorca.com\/en\/wp-json\/wp\/v2\/personaje\/10172"}],"collection":[{"href":"https:\/\/www.universolorca.com\/en\/wp-json\/wp\/v2\/personaje"}],"about":[{"href":"https:\/\/www.universolorca.com\/en\/wp-json\/wp\/v2\/types\/personaje"}],"wp:featuredmedia":[{"embeddable":true,"href":"https:\/\/www.universolorca.com\/en\/wp-json\/wp\/v2\/media\/10175"}],"wp:attachment":[{"href":"https:\/\/www.universolorca.com\/en\/wp-json\/wp\/v2\/media?parent=10172"}],"wp:term":[{"taxonomy":"agrupacion","embeddable":true,"href":"https:\/\/www.universolorca.com\/en\/wp-json\/wp\/v2\/agrupacion?post=10172"}],"curies":[{"name":"wp","href":"https:\/\/api.w.org\/{rel}","templated":true}]}}

Darío, Rubén (Félix Rubén García Sarmiento)

<p>Nicaraguan writer and diplomat, maximum representative of literary Modernism in the Spanish language. He influenced all Spanish writers of the late nineteenth and early twentieth centuries. Federico García Lorca was formed with his poetry and in his first texts the guidance of this author is clearly perceived. In Rubén Darío he found not only a poetic model, but a feeling very similar to his own, the mixture of the pagan and the Christian, the desire to live fully, sensuality, have faith in poetry, creative energy, the image of the Granada that Darío visited at the beginning of the century and which made him reflect on the loss caused by the expulsion of the Arabs, of its wise men, its cultured men, its poets&#8230; There are echoes of <em>Solar Lands</em> in Federico&#8217;s first book, <a href="https://www.universolorca.com/en/obra-literaria/impresiones-y-paisajes/"><em>Impressions and Landscapes</em></a>(as Adriano del Valle perceived it). In his juvenile texts he quotes the Nicaraguan on more than one occasion and in his <a href="https://www.universolorca.com/en/obra-literaria/libro-de-poemas/"><em>Book of Poems</em></a> the poet&#8217;s imprint can still be clearly traced.</p>
<p>His name was Félix Rubén García Sarmiento, but his father&#8217;s family was known as &#8220;los Daríos&#8221; and that is why he adopted this surname. He was born in Metapa, Nicaragua, in 1867. He grew up with his great uncles and aunts. It seems that he was a precocious child and learned to read very early. He was also precocious when it came to writing and publishing. He was a great reader of Victor Hugo, an author he always considered his teacher.</p>
<p>He studied in Managua and at the age of 15 he moved to El Salvador, although for a short time due to economic and health problems. He found work in the National Library of Managua and began to publish in different newspapers. From that time (1885) is his first book, <em>First Notes</em>.</p>
<blockquote><p>Federico García Lorca was formed with his poetry and in his first texts the guidance of the Nicaraguan author is clearly perceived.</p></blockquote>
<p>In 1886, he moved to Chile where he spent three years writing in newspapers and magazines. Thanks to Pedro Balmaceda Toro, writer and son of President José Manuel Balmaceda, he published his first book of poems, <em>Eye-Opener</em>, in 1887. After a season in Valparaíso, he returned to the capital and began working in <em>El Heraldo</em>. In Valparaíso, <em>Azul </em>appeared in July 1888, a key book for Hispanic Modernism. From this publication his fame grew, he found employment as a correspondent for <em>La Nación</em> of Buenos Aires and shortly after was appointed director of <em>La Unión</em>, in San Salvador. He married Rafaela Contreras Cañas.</p>
<p>In 1890, he took over the direction of a new newspaper, <em>El Correo de la Tarde,</em> and published the second edition of <em>Azul</em>.</p>
<p>In the following years he worked as a journalist in different Central American countries and finally, in 1892, he traveled to Spain with the Nicaraguan delegation of the fourth centenary of the discovery of America. In Madrid he surrounded himself with a circle of writers including José Zorrilla, Salvador Rueda, Juan Valera or Emilia Pardo Bazán. He soon had to return to San Salvador because his wife fell ill and died.</p>
<p>In 1893, he marries Rosario Murillo, becomes honorary consul in Buenos Aires where he continues writing poems and publishing in several prestigious newspapers. His life there is full of excesses and he has to receive medical care on more than one occasion. In 1895, he is left without the job of consul but finds another as director of the post office.</p>
<p><a href="https://www.universolorca.com/wp-content/uploads/2019/12/Ruben-Dario_1_ul.jpg"><img loading="lazy" decoding="async" class="aligncenter size-full wp-image-10173" src="https://www.universolorca.com/wp-content/uploads/2019/12/Ruben-Dario_1_ul.jpg" alt="Rubén Darío" width="500" height="606" srcset="https://www.universolorca.com/wp-content/uploads/2019/12/Ruben-Dario_1_ul.jpg 500w, https://www.universolorca.com/wp-content/uploads/2019/12/Ruben-Dario_1_ul-248x300.jpg 248w, https://www.universolorca.com/wp-content/uploads/2019/12/Ruben-Dario_1_ul-200x242.jpg 200w, https://www.universolorca.com/wp-content/uploads/2019/12/Ruben-Dario_1_ul-330x400.jpg 330w, https://www.universolorca.com/wp-content/uploads/2019/12/Ruben-Dario_1_ul-309x375.jpg 309w" sizes="(max-width: 500px) 100vw, 500px" /></a></p>
<p>He publishes two books, <em>The Rare Ones</em> and <em>Profane Hymns and Other Poems, </em>fundamental again for Hispanic Modernism. Years later, when Lorca and <a href="https://www.universolorca.com/en/personaje/neruda-pablo-ricardo-eliecer-neftali-reyes-basoalto/">Neruda</a> met in Buenos Aires, at a dinner in tribute to Federico, they made a speech “jointly&#8221; vindicating Darío. They both considered that the city had unjustly forgotten him and had not bothered to remember him.</p>
<p>In 1898, Darío traveled to Spain, where he won the admiration of <a href="https://www.universolorca.com/en/personaje/jimenez-mantecon-juan-ramon/">Juan Ramón Jiménez</a> and Valle-Inclán, as a correspondent for <em>La Nación</em> to cover the Disaster of &#8217;98. His chronicles were collected in 1901 in the book <em>Contemporary Spain. Crónicas y retratos literarios</em>. In 1902, in Paris he met <a href="https://www.universolorca.com/en/personaje/machado-ruiz-antonio/">Antonio Machado</a>. He was appointed consul to Nicaragua, which gave him some relief now that he had a new partner and a son with her (although this, like the next two, was to die: only the fourth survived). In Spain, he published <em>Songs of Life and Hope, the swans and other poems</em>, edited by Juan Ramón Jiménez.</p>
<blockquote><p>Lorca&#8217;s devotion to Rubén Darío was maintained throughout his life. In his last months, in a tribute to Valle-Inclán who had just died, Federico&#8217;s intervention consisted of reading texts by Darío, among them, the two sonnets that the latter dedicated to Valle-Inclán.</p></blockquote>
<p>In 1906, he returned to Paris and later to Mallorca, where he met Santiago Rusiñol and other artists. He had personal problems (his first wife did not accept a divorce if not in exchange for high financial compensation) and health problems. He moved to Nicaragua to solve his problems before the courts. He was received with many honors and was given another post in Madrid, but due to financial difficulties he had to resign in 1909 and return to Paris where he continued writing and publishing, increasingly ill.</p>
<p>In 1912, he agreed to direct the magazines <em>Mundial</em> and <em>Elegancias</em>. He toured several Latin American cities and published his autobiography <em>The Life of Rubén Darío written by Himself</em> and <em>History of my Books</em>.</p>
<p>He travels again to the French capital, passes through Mallorca (where his health problems are accentuated) and in Barcelona he publishes his last poetic work, <em>Song to the Argentine and other Poems</em>. After the outbreak of World War I he returned to America.</p>
<p>He died in León, Nicaragua, on February 6, 1916 and was buried in the Cathedral. In that same year, a month after his death, in Granada, at the <a href="https://www.universolorca.com/en/lugar/centro-artistico/">Centro Artístico</a>, a poetic evening dedicated to the Nicaraguan was held, attended by Lorca. The <em>rinconcillista</em> <a href="https://www.universolorca.com/en/personaje/soriano-lapresa-o-de-la-presa-francisco/">Francisco Soriano Lapresa</a> dedicated a speech to him. It was the year in which Federico discovered his literary vocation, according to <a href="https://www.universolorca.com/en/personaje/garcia-lorca-francisco/">Francisco García Lorca</a>.</p>
<p>Lorca&#8217;s devotion to Rubén Darío remained throughout his life. In his last months, in a tribute to Valle-Inclán who had just died, Federico&#8217;s intervention consisted of reading texts by Darío, among them, the two sonnets that the latter dedicated to Valle-Inclán.</p>

<p>Nicaraguan writer and diplomat, maximum representative of literary Modernism in the Spanish language. He influenced all Spanish writers of the late nineteenth and early twentieth centuries. Federico García Lorca was [&hellip;]</p>
