{"id":10056,"date":"2018-12-20T12:06:17","date_gmt":"2018-12-20T12:06:17","guid":{"rendered":"https:\/\/www.universolorca.com\/personaje\/valdes-guzman-jose\/"},"modified":"2021-11-03T07:34:26","modified_gmt":"2021-11-03T07:34:26","slug":"valdes-guzman-jose","status":"publish","type":"personaje","link":"https:\/\/www.universolorca.com\/en\/personaje\/valdes-guzman-jose\/","title":{"rendered":"Vald\u00e9s Guzm\u00e1n, Jos\u00e9"},"content":{"rendered":"<p>A Spanish military man by family tradition -his father was a general in the Civil Guard-, veteran of the African campaigns, wounded during the Moroccan War and, from 1936, after actively participating in the preparation of the coup against the Republic, in charge of directing the repression in Granada from his position as civil governor in permanent contact with Gonzalo Queipo de Llano. Vald\u00e9s, <em>old shirt<\/em> <em>(during the Franco dictatorship, those Falange members prior to the 1936 elections were called camisas viejas)\u00a0<\/em>and head of the Falange militias, played a leading role in the arrest and death of Federico Garc\u00eda Lorca and thousands of left-wing sympathizers. Investigations suggest that Vald\u00e9s was the one who gave the order to assassinate the poet after consulting by telephone with <strong>General Gonzalo Queipo de Llano who responded with a coded phrase: &#8220;Give him coffee, lots of coffee.&#8221;<\/strong>\u00a0(CAFE [coffee in Spanish] was the acronym for the political slogan Camaradas Arriba Falange Espa\u00f1ola [Comrades Up Spanish Falange]).<\/p>\n<blockquote><p><em>Old Shirt<\/em> and head of the Falange militias, he played a leading role as civil governor of Granada in the arrest and death of Federico Garc\u00eda Lorca and thousands of leftist sympathizers.<\/p><\/blockquote>\n<p>After the announcement of the uprising, Jos\u00e9 Vald\u00e9s is put in command of a group of soldiers from the various barracks of Granada, he heads with them to the <a href=\"https:\/\/www.universolorca.com\/en\/lugar\/gobierno-civil-1933-1944\/\">Gobierno Civil<\/a>, located in Duquesa Street, in the current <a href=\"https:\/\/www.universolorca.com\/en\/lugar\/facultad-de-derecho\/\">Law School<\/a>, He dismissed without violence the republican governor, <a href=\"https:\/\/www.universolorca.com\/en\/personaje\/torres-martinez-cesar\/\">C\u00e9sar Torres Mart\u00ednez<\/a> -who had been in office for only a few days-, and appointed himself governor with Queipo&#8217;s consent.<\/p>\n<p>The following month nearly 600 people were shot in the cemetery of Granada, among them the socialist mayor, <a href=\"https:\/\/www.universolorca.com\/en\/personaje\/fernandez-montesinos-lustau-manuel\/\">Manuel Fern\u00e1ndez-Montesinos<\/a>. Together with Captain <a href=\"https:\/\/www.universolorca.com\/en\/personaje\/nestares-cuellar-jose-maria\/\">Jos\u00e9 Nestares<\/a>, delegate of Public Order, and the Chief of Police, <a href=\"https:\/\/www.universolorca.com\/en\/personaje\/romero-funes-julio\/\">Julio Romero Funes<\/a>, he goes on the hunt for left-wing sympathizers. In <a href=\"https:\/\/www.universolorca.com\/en\/lugar\/barranco-de-viznar\/\">V\u00edznar<\/a> and <a href=\"https:\/\/www.universolorca.com\/en\/lugar\/parque-federico-garcia-lorca-de-alfacar\/\">Alfacar<\/a>, the line of the Front that remained under the command of Nestares, thousands of people died, among them Garc\u00eda Lorca and eminent professors of the University like the dean, <a href=\"https:\/\/www.universolorca.com\/en\/personaje\/vila-hernandez-salvador\/\">Salvador Vila<\/a> or the professor of Law and politician <a href=\"https:\/\/www.universolorca.com\/en\/personaje\/garcia-labella-joaquin\/\">Joaqu\u00edn Garc\u00eda Labella<\/a>.<\/p>\n<p>His responsibility in the shooting of Garc\u00eda Lorca has been verified by various testimonies and historians, and nuanced by others. The first version points out that it was Vald\u00e9s who authorized <a href=\"https:\/\/www.universolorca.com\/en\/personaje\/ruiz-alonso-ramon\/\">Ram\u00f3n Ruiz Alonso<\/a>, former deputy of the CEDA party and declared enemy of Garc\u00eda Lorca, to go to <a href=\"https:\/\/www.universolorca.com\/en\/lugar\/casa-de-los-rosales\/\">home of the family<\/a> of the poet <a href=\"https:\/\/www.universolorca.com\/en\/personaje\/rosales-camacho-luis\/\">Luis Rosales<\/a> and proceed to his arrest with the excuse of a complaint of murky and implausible origin. Lorca had taken refuge there on August 9 after the searches carried out by Falangists at his home, <a href=\"https:\/\/www.universolorca.com\/en\/lugar\/huerta-de-san-vicente\/\">Huerta de san Vicente<\/a>.<\/p>\n<figure id=\"attachment_9920\" class=\"thumbnail wp-caption aligncenter\" style=\"width: 1492px\"><a href=\"https:\/\/www.universolorca.com\/wp-content\/uploads\/2018\/12\/Jose-Valdes-Guzman-centro-con-sombrero-de-civil-y-Jose-Mar\u00eda-Nestares-pimero-por-la-derecha.jpg\"><img loading=\"lazy\" decoding=\"async\" class=\"size-full wp-image-9920\" src=\"https:\/\/www.universolorca.com\/wp-content\/uploads\/2018\/12\/Jose-Valdes-Guzman-centro-con-sombrero-de-civil-y-Jose-Mar\u00eda-Nestares-pimero-por-la-derecha.jpg\" alt=\"Jose-Valdes Guzman (center with a civilian\u2019s hat) and Jose Mar\u00eda Nestares (first on the right).\" width=\"1482\" height=\"992\" srcset=\"https:\/\/www.universolorca.com\/wp-content\/uploads\/2018\/12\/Jose-Valdes-Guzman-centro-con-sombrero-de-civil-y-Jose-Mar\u00eda-Nestares-pimero-por-la-derecha.jpg 1482w, https:\/\/www.universolorca.com\/wp-content\/uploads\/2018\/12\/Jose-Valdes-Guzman-centro-con-sombrero-de-civil-y-Jose-Mar\u00eda-Nestares-pimero-por-la-derecha-300x201.jpg 300w, https:\/\/www.universolorca.com\/wp-content\/uploads\/2018\/12\/Jose-Valdes-Guzman-centro-con-sombrero-de-civil-y-Jose-Mar\u00eda-Nestares-pimero-por-la-derecha-768x514.jpg 768w, https:\/\/www.universolorca.com\/wp-content\/uploads\/2018\/12\/Jose-Valdes-Guzman-centro-con-sombrero-de-civil-y-Jose-Mar\u00eda-Nestares-pimero-por-la-derecha-1024x685.jpg 1024w, https:\/\/www.universolorca.com\/wp-content\/uploads\/2018\/12\/Jose-Valdes-Guzman-centro-con-sombrero-de-civil-y-Jose-Mar\u00eda-Nestares-pimero-por-la-derecha-200x134.jpg 200w, https:\/\/www.universolorca.com\/wp-content\/uploads\/2018\/12\/Jose-Valdes-Guzman-centro-con-sombrero-de-civil-y-Jose-Mar\u00eda-Nestares-pimero-por-la-derecha-330x221.jpg 330w, https:\/\/www.universolorca.com\/wp-content\/uploads\/2018\/12\/Jose-Valdes-Guzman-centro-con-sombrero-de-civil-y-Jose-Mar\u00eda-Nestares-pimero-por-la-derecha-560x375.jpg 560w, https:\/\/www.universolorca.com\/wp-content\/uploads\/2018\/12\/Jose-Valdes-Guzman-centro-con-sombrero-de-civil-y-Jose-Mar\u00eda-Nestares-pimero-por-la-derecha-272x182.jpg 272w\" sizes=\"(max-width: 1482px) 100vw, 1482px\" \/><\/a><figcaption class=\"caption wp-caption-text\">Jos\u00e9-Val\u00e9es Guzm\u00e1n (center with a civilian\u2019s hat) and Jos\u00e9 Mar\u00eda Nestares (first on the right).<\/figcaption><\/figure>\n<p>Lorca is arrested at the Rosales&#8217; house on the afternoon of August 16 and taken, in the middle of a large police deployment, to the neighboring Gobierno Civil where he is confined in a small room, now demolished, containing a square table, an armchair and a couple of chairs. There he is seen by several people, among them <a href=\"https:\/\/www.universolorca.com\/en\/personaje\/rosales-camacho-jose\/\">Jos\u00e9 Rosales<\/a>. Vald\u00e9s was out of town and returned in the evening.<\/p>\n<p>While Federico remains detained, some of the Rosales brothers, in particular Jos\u00e9 and Luis, deploy all their influence to try to free him. On the same day, the 16th, Luis Rosales appeared in the afternoon, on his return from the front, at the Gobierno Civil and demanded to see Vald\u00e9s, who at that moment was absent. That night there is a bitter confrontation between Luis and Ruiz Alonso, the person who arrested Federico. <strong>The other Rosales brother, Jos\u00e9, <em>Pepiniqui<\/em>, waits for Vald\u00e9s to return and has another serious dispute with him.<\/strong> According to his own confession, he pushed his way into the office and wielded a gun and pointed it at him. Lorca is probably transferred in the early morning of the 17th to <a href=\"https:\/\/www.universolorca.com\/en\/lugar\/la-colonia\/\">La Colonia in V\u00edznar<\/a> and shot and buried in an unknown place between Alfacar and V\u00edznar.<\/p>\n<p>Vald\u00e9s resigned as governor in April 1937 to rejoin the Army. He died of cancer complicated by a war wound in Granada in 1939. The Granada City Council, after the war, named a central street Commander Vald\u00e9s, whose name prevailed until the democratic corporation of 1979 replaced it with its pre-war name, Almona del Campillo.<\/p>\n<p>&nbsp;<\/p>\n","protected":false},"excerpt":{"rendered":"<p>A Spanish military man by family tradition -his father was a general in the Civil Guard-, veteran of the African campaigns, wounded during the Moroccan War and, from 1936, after [&hellip;]<\/p>\n","protected":false},"featured_media":10057,"template":"","agrupacion":[133,136],"class_list":["post-10056","personaje","type-personaje","status-publish","has-post-thumbnail","hentry","agrupacion-flight-death-and-repression","agrupacion-politicians"],"_links":{"self":[{"href":"https:\/\/www.universolorca.com\/en\/wp-json\/wp\/v2\/personaje\/10056"}],"collection":[{"href":"https:\/\/www.universolorca.com\/en\/wp-json\/wp\/v2\/personaje"}],"about":[{"href":"https:\/\/www.universolorca.com\/en\/wp-json\/wp\/v2\/types\/personaje"}],"wp:featuredmedia":[{"embeddable":true,"href":"https:\/\/www.universolorca.com\/en\/wp-json\/wp\/v2\/media\/10057"}],"wp:attachment":[{"href":"https:\/\/www.universolorca.com\/en\/wp-json\/wp\/v2\/media?parent=10056"}],"wp:term":[{"taxonomy":"agrupacion","embeddable":true,"href":"https:\/\/www.universolorca.com\/en\/wp-json\/wp\/v2\/agrupacion?post=10056"}],"curies":[{"name":"wp","href":"https:\/\/api.w.org\/{rel}","templated":true}]}}

Valdés Guzmán, José

<p>A Spanish military man by family tradition -his father was a general in the Civil Guard-, veteran of the African campaigns, wounded during the Moroccan War and, from 1936, after actively participating in the preparation of the coup against the Republic, in charge of directing the repression in Granada from his position as civil governor in permanent contact with Gonzalo Queipo de Llano. Valdés, <em>old shirt</em> <em>(during the Franco dictatorship, those Falange members prior to the 1936 elections were called camisas viejas) </em>and head of the Falange militias, played a leading role in the arrest and death of Federico García Lorca and thousands of left-wing sympathizers. Investigations suggest that Valdés was the one who gave the order to assassinate the poet after consulting by telephone with <strong>General Gonzalo Queipo de Llano who responded with a coded phrase: &#8220;Give him coffee, lots of coffee.&#8221;</strong> (CAFE [coffee in Spanish] was the acronym for the political slogan Camaradas Arriba Falange Española [Comrades Up Spanish Falange]).</p>
<blockquote><p><em>Old Shirt</em> and head of the Falange militias, he played a leading role as civil governor of Granada in the arrest and death of Federico García Lorca and thousands of leftist sympathizers.</p></blockquote>
<p>After the announcement of the uprising, José Valdés is put in command of a group of soldiers from the various barracks of Granada, he heads with them to the <a href="https://www.universolorca.com/en/lugar/gobierno-civil-1933-1944/">Gobierno Civil</a>, located in Duquesa Street, in the current <a href="https://www.universolorca.com/en/lugar/facultad-de-derecho/">Law School</a>, He dismissed without violence the republican governor, <a href="https://www.universolorca.com/en/personaje/torres-martinez-cesar/">César Torres Martínez</a> -who had been in office for only a few days-, and appointed himself governor with Queipo&#8217;s consent.</p>
<p>The following month nearly 600 people were shot in the cemetery of Granada, among them the socialist mayor, <a href="https://www.universolorca.com/en/personaje/fernandez-montesinos-lustau-manuel/">Manuel Fernández-Montesinos</a>. Together with Captain <a href="https://www.universolorca.com/en/personaje/nestares-cuellar-jose-maria/">José Nestares</a>, delegate of Public Order, and the Chief of Police, <a href="https://www.universolorca.com/en/personaje/romero-funes-julio/">Julio Romero Funes</a>, he goes on the hunt for left-wing sympathizers. In <a href="https://www.universolorca.com/en/lugar/barranco-de-viznar/">Víznar</a> and <a href="https://www.universolorca.com/en/lugar/parque-federico-garcia-lorca-de-alfacar/">Alfacar</a>, the line of the Front that remained under the command of Nestares, thousands of people died, among them García Lorca and eminent professors of the University like the dean, <a href="https://www.universolorca.com/en/personaje/vila-hernandez-salvador/">Salvador Vila</a> or the professor of Law and politician <a href="https://www.universolorca.com/en/personaje/garcia-labella-joaquin/">Joaquín García Labella</a>.</p>
<p>His responsibility in the shooting of García Lorca has been verified by various testimonies and historians, and nuanced by others. The first version points out that it was Valdés who authorized <a href="https://www.universolorca.com/en/personaje/ruiz-alonso-ramon/">Ramón Ruiz Alonso</a>, former deputy of the CEDA party and declared enemy of García Lorca, to go to <a href="https://www.universolorca.com/en/lugar/casa-de-los-rosales/">home of the family</a> of the poet <a href="https://www.universolorca.com/en/personaje/rosales-camacho-luis/">Luis Rosales</a> and proceed to his arrest with the excuse of a complaint of murky and implausible origin. Lorca had taken refuge there on August 9 after the searches carried out by Falangists at his home, <a href="https://www.universolorca.com/en/lugar/huerta-de-san-vicente/">Huerta de san Vicente</a>.</p>
<figure id="attachment_9920" class="thumbnail wp-caption aligncenter" style="width: 1492px"><a href="https://www.universolorca.com/wp-content/uploads/2018/12/Jose-Valdes-Guzman-centro-con-sombrero-de-civil-y-Jose-María-Nestares-pimero-por-la-derecha.jpg"><img loading="lazy" decoding="async" class="size-full wp-image-9920" src="https://www.universolorca.com/wp-content/uploads/2018/12/Jose-Valdes-Guzman-centro-con-sombrero-de-civil-y-Jose-María-Nestares-pimero-por-la-derecha.jpg" alt="Jose-Valdes Guzman (center with a civilian’s hat) and Jose María Nestares (first on the right)." width="1482" height="992" srcset="https://www.universolorca.com/wp-content/uploads/2018/12/Jose-Valdes-Guzman-centro-con-sombrero-de-civil-y-Jose-María-Nestares-pimero-por-la-derecha.jpg 1482w, https://www.universolorca.com/wp-content/uploads/2018/12/Jose-Valdes-Guzman-centro-con-sombrero-de-civil-y-Jose-María-Nestares-pimero-por-la-derecha-300x201.jpg 300w, https://www.universolorca.com/wp-content/uploads/2018/12/Jose-Valdes-Guzman-centro-con-sombrero-de-civil-y-Jose-María-Nestares-pimero-por-la-derecha-768x514.jpg 768w, https://www.universolorca.com/wp-content/uploads/2018/12/Jose-Valdes-Guzman-centro-con-sombrero-de-civil-y-Jose-María-Nestares-pimero-por-la-derecha-1024x685.jpg 1024w, https://www.universolorca.com/wp-content/uploads/2018/12/Jose-Valdes-Guzman-centro-con-sombrero-de-civil-y-Jose-María-Nestares-pimero-por-la-derecha-200x134.jpg 200w, https://www.universolorca.com/wp-content/uploads/2018/12/Jose-Valdes-Guzman-centro-con-sombrero-de-civil-y-Jose-María-Nestares-pimero-por-la-derecha-330x221.jpg 330w, https://www.universolorca.com/wp-content/uploads/2018/12/Jose-Valdes-Guzman-centro-con-sombrero-de-civil-y-Jose-María-Nestares-pimero-por-la-derecha-560x375.jpg 560w, https://www.universolorca.com/wp-content/uploads/2018/12/Jose-Valdes-Guzman-centro-con-sombrero-de-civil-y-Jose-María-Nestares-pimero-por-la-derecha-272x182.jpg 272w" sizes="(max-width: 1482px) 100vw, 1482px" /></a><figcaption class="caption wp-caption-text">José-Valées Guzmán (center with a civilian’s hat) and José María Nestares (first on the right).</figcaption></figure>
<p>Lorca is arrested at the Rosales&#8217; house on the afternoon of August 16 and taken, in the middle of a large police deployment, to the neighboring Gobierno Civil where he is confined in a small room, now demolished, containing a square table, an armchair and a couple of chairs. There he is seen by several people, among them <a href="https://www.universolorca.com/en/personaje/rosales-camacho-jose/">José Rosales</a>. Valdés was out of town and returned in the evening.</p>
<p>While Federico remains detained, some of the Rosales brothers, in particular José and Luis, deploy all their influence to try to free him. On the same day, the 16th, Luis Rosales appeared in the afternoon, on his return from the front, at the Gobierno Civil and demanded to see Valdés, who at that moment was absent. That night there is a bitter confrontation between Luis and Ruiz Alonso, the person who arrested Federico. <strong>The other Rosales brother, José, <em>Pepiniqui</em>, waits for Valdés to return and has another serious dispute with him.</strong> According to his own confession, he pushed his way into the office and wielded a gun and pointed it at him. Lorca is probably transferred in the early morning of the 17th to <a href="https://www.universolorca.com/en/lugar/la-colonia/">La Colonia in Víznar</a> and shot and buried in an unknown place between Alfacar and Víznar.</p>
<p>Valdés resigned as governor in April 1937 to rejoin the Army. He died of cancer complicated by a war wound in Granada in 1939. The Granada City Council, after the war, named a central street Commander Valdés, whose name prevailed until the democratic corporation of 1979 replaced it with its pre-war name, Almona del Campillo.</p>
<p>&nbsp;</p>
