{"id":10041,"date":"2018-12-20T12:04:45","date_gmt":"2018-12-20T12:04:45","guid":{"rendered":"https:\/\/www.universolorca.com\/personaje\/torres-martinez-cesar\/"},"modified":"2021-11-03T08:18:43","modified_gmt":"2021-11-03T08:18:43","slug":"torres-martinez-cesar","status":"publish","type":"personaje","link":"https:\/\/www.universolorca.com\/en\/personaje\/torres-martinez-cesar\/","title":{"rendered":"Torres Mart\u00ednez, C\u00e9sar"},"content":{"rendered":"<p>Politician and lawyer trained at the University of Santiago de Compostela and civil governor during the Republic in Lugo, Almer\u00eda, \u00c1vila, Ja\u00e9n and Granada. In the latter city he was surprised by the begining of the Civil War on July 18, 1936. He was the only authority in Granada during the Second Republic who was not shot by the rebels. However, he was subjected to a court martial. Along with him, on August 1, 1936, tried and sentenced to death, were <a href=\"https:\/\/www.universolorca.com\/en\/personaje\/castilla-carmona-virgilio\/\">Virgilio Castilla<\/a>, president of the Diputaci\u00f3n Provincial; <a href=\"https:\/\/www.universolorca.com\/en\/personaje\/santa-cruz-y-garces-de-marcilla-juan-jose-marques-de-santa-cruz\/\">Juan Jos\u00e9 Santa Cruz<\/a>, engineer; Jos\u00e9 Alc\u00e1ntara, CNT trade unionist and Antonio Rus Romero, UGT leader. To C\u00e9sar Torres the court applied the exoneration of due obedience.<\/p>\n<blockquote><p>In June 1980, he agreed to participate in a colloquium on the death of Garc\u00eda Lorca in the TVE program <em>La Clave<\/em>, along with figures such as Luis Rosales, Santiago Onta\u00f1\u00f3n and Ian Gibson.<\/p><\/blockquote>\n<p>Although of Catholic convictions, he militates in the Autonomous Galician Republican Organization, a nationalist and left-wing party founded in 1929 by Santiago Casares Quiroga, with whom he has a close friendship. He later joined the Republican Left of Manuel Aza\u00f1a and was elected mayor of his hometown.<\/p>\n<p>The post that forces his name into the history books was the most ephemeral: civil governor of Granada between June 27 and July 20, 1936. C\u00e9sar Torres, in the turbulent days in which he occupied the post of governor, following the instructions of Casares Quiroga, refused to distribute arms among the Granada workers&#8217; organizations that had demanded them to defend themselves in the face of the imminence of the coup d&#8217;\u00e9tat. When, on July 20, the garrison revolted and the commander <a href=\"https:\/\/www.universolorca.com\/en\/personaje\/valdes-guzman-jose\/\">Vald\u00e9s<\/a> presented himself at the headquarters of the <a href=\"https:\/\/www.universolorca.com\/en\/lugar\/gobierno-civil-1933-1944\/\">Gobierno Civil<\/a>, <strong>Torres did not resist and surrendered immediately, two circumstances that could have influenced the benevolence with which he was treated by Franco&#8217;s authorities compared to the fate of other officials who were shot almost immediately.<\/strong><\/p>\n<figure id=\"attachment_10042\" class=\"thumbnail wp-caption aligncenter\" style=\"width: 1450px\"><a href=\"https:\/\/www.universolorca.com\/wp-content\/uploads\/2018\/12\/Cesar-Torres-Martinez-en-La-Clave-en-1980.jpg\"><img loading=\"lazy\" decoding=\"async\" class=\"size-full wp-image-10042\" src=\"https:\/\/www.universolorca.com\/wp-content\/uploads\/2018\/12\/Cesar-Torres-Martinez-en-La-Clave-en-1980.jpg\" alt=\"C\u00e9sar Torres Mart\u00ednez, in the program The Key of TVE in 1980.\" width=\"1440\" height=\"936\" srcset=\"https:\/\/www.universolorca.com\/wp-content\/uploads\/2018\/12\/Cesar-Torres-Martinez-en-La-Clave-en-1980.jpg 1440w, https:\/\/www.universolorca.com\/wp-content\/uploads\/2018\/12\/Cesar-Torres-Martinez-en-La-Clave-en-1980-300x195.jpg 300w, https:\/\/www.universolorca.com\/wp-content\/uploads\/2018\/12\/Cesar-Torres-Martinez-en-La-Clave-en-1980-768x499.jpg 768w, https:\/\/www.universolorca.com\/wp-content\/uploads\/2018\/12\/Cesar-Torres-Martinez-en-La-Clave-en-1980-1024x666.jpg 1024w, https:\/\/www.universolorca.com\/wp-content\/uploads\/2018\/12\/Cesar-Torres-Martinez-en-La-Clave-en-1980-200x130.jpg 200w, https:\/\/www.universolorca.com\/wp-content\/uploads\/2018\/12\/Cesar-Torres-Martinez-en-La-Clave-en-1980-330x215.jpg 330w, https:\/\/www.universolorca.com\/wp-content\/uploads\/2018\/12\/Cesar-Torres-Martinez-en-La-Clave-en-1980-577x375.jpg 577w\" sizes=\"(max-width: 1440px) 100vw, 1440px\" \/><\/a><figcaption class=\"caption wp-caption-text\">C\u00e9sar Torres Mart\u00ednez, in the program &#8216;La Clave&#8217; of TVE in 1980.<\/figcaption><\/figure>\n<p>July 18 surprised the city authorities in a moment of interim: the mayor&#8217;s office had been vacant until the beginning of July when it was occupied by the socialist <a href=\"https:\/\/www.universolorca.com\/en\/personaje\/fernandez-montesinos-lustau-manuel\/\">Manuel Fern\u00e1ndez-Montesinos<\/a>, and the new military governor, Manuel Campins, did not join until July 11. Both were shot.<\/p>\n<p>C\u00e9sar Torres only served eight of the 30 years in prison to which he was sentenced. In 1954, he recommenced his civilian life as a member of the board of directors of the Bank of Vigo. In June 1980, he agreed to participate in a <a href=\"http:\/\/www.rtve.es\/alacarta\/videos\/la-clave\/clave-federico-garcia-lorca\/3917250\/\" target=\"_blank\" rel=\"noopener\">colloquium on the death of Garc\u00eda Lorca in the TVE program <em>La Clave<\/em> (<em>The Key)<\/em><\/a>, together with figures such as <a href=\"https:\/\/www.universolorca.com\/en\/personaje\/rosales-camacho-luis\/\">Luis Rosales<\/a>, <a href=\"https:\/\/www.universolorca.com\/en\/personaje\/ontanon-gonzalez-santiago\/\">Santiago Onta\u00f1\u00f3n<\/a> and Ian Gibson. He died in November 1988.<\/p>\n<p>&nbsp;<\/p>\n","protected":false},"excerpt":{"rendered":"<p>Politician and lawyer trained at the University of Santiago de Compostela and civil governor during the Republic in Lugo, Almer\u00eda, \u00c1vila, Ja\u00e9n and Granada. In the latter city he was [&hellip;]<\/p>\n","protected":false},"featured_media":10044,"template":"","agrupacion":[133,136],"class_list":["post-10041","personaje","type-personaje","status-publish","has-post-thumbnail","hentry","agrupacion-flight-death-and-repression","agrupacion-politicians"],"_links":{"self":[{"href":"https:\/\/www.universolorca.com\/en\/wp-json\/wp\/v2\/personaje\/10041"}],"collection":[{"href":"https:\/\/www.universolorca.com\/en\/wp-json\/wp\/v2\/personaje"}],"about":[{"href":"https:\/\/www.universolorca.com\/en\/wp-json\/wp\/v2\/types\/personaje"}],"wp:featuredmedia":[{"embeddable":true,"href":"https:\/\/www.universolorca.com\/en\/wp-json\/wp\/v2\/media\/10044"}],"wp:attachment":[{"href":"https:\/\/www.universolorca.com\/en\/wp-json\/wp\/v2\/media?parent=10041"}],"wp:term":[{"taxonomy":"agrupacion","embeddable":true,"href":"https:\/\/www.universolorca.com\/en\/wp-json\/wp\/v2\/agrupacion?post=10041"}],"curies":[{"name":"wp","href":"https:\/\/api.w.org\/{rel}","templated":true}]}}

Torres Martínez, César

<p>Politician and lawyer trained at the University of Santiago de Compostela and civil governor during the Republic in Lugo, Almería, Ávila, Jaén and Granada. In the latter city he was surprised by the begining of the Civil War on July 18, 1936. He was the only authority in Granada during the Second Republic who was not shot by the rebels. However, he was subjected to a court martial. Along with him, on August 1, 1936, tried and sentenced to death, were <a href="https://www.universolorca.com/en/personaje/castilla-carmona-virgilio/">Virgilio Castilla</a>, president of the Diputación Provincial; <a href="https://www.universolorca.com/en/personaje/santa-cruz-y-garces-de-marcilla-juan-jose-marques-de-santa-cruz/">Juan José Santa Cruz</a>, engineer; José Alcántara, CNT trade unionist and Antonio Rus Romero, UGT leader. To César Torres the court applied the exoneration of due obedience.</p>
<blockquote><p>In June 1980, he agreed to participate in a colloquium on the death of García Lorca in the TVE program <em>La Clave</em>, along with figures such as Luis Rosales, Santiago Ontañón and Ian Gibson.</p></blockquote>
<p>Although of Catholic convictions, he militates in the Autonomous Galician Republican Organization, a nationalist and left-wing party founded in 1929 by Santiago Casares Quiroga, with whom he has a close friendship. He later joined the Republican Left of Manuel Azaña and was elected mayor of his hometown.</p>
<p>The post that forces his name into the history books was the most ephemeral: civil governor of Granada between June 27 and July 20, 1936. César Torres, in the turbulent days in which he occupied the post of governor, following the instructions of Casares Quiroga, refused to distribute arms among the Granada workers&#8217; organizations that had demanded them to defend themselves in the face of the imminence of the coup d&#8217;état. When, on July 20, the garrison revolted and the commander <a href="https://www.universolorca.com/en/personaje/valdes-guzman-jose/">Valdés</a> presented himself at the headquarters of the <a href="https://www.universolorca.com/en/lugar/gobierno-civil-1933-1944/">Gobierno Civil</a>, <strong>Torres did not resist and surrendered immediately, two circumstances that could have influenced the benevolence with which he was treated by Franco&#8217;s authorities compared to the fate of other officials who were shot almost immediately.</strong></p>
<figure id="attachment_10042" class="thumbnail wp-caption aligncenter" style="width: 1450px"><a href="https://www.universolorca.com/wp-content/uploads/2018/12/Cesar-Torres-Martinez-en-La-Clave-en-1980.jpg"><img loading="lazy" decoding="async" class="size-full wp-image-10042" src="https://www.universolorca.com/wp-content/uploads/2018/12/Cesar-Torres-Martinez-en-La-Clave-en-1980.jpg" alt="César Torres Martínez, in the program The Key of TVE in 1980." width="1440" height="936" srcset="https://www.universolorca.com/wp-content/uploads/2018/12/Cesar-Torres-Martinez-en-La-Clave-en-1980.jpg 1440w, https://www.universolorca.com/wp-content/uploads/2018/12/Cesar-Torres-Martinez-en-La-Clave-en-1980-300x195.jpg 300w, https://www.universolorca.com/wp-content/uploads/2018/12/Cesar-Torres-Martinez-en-La-Clave-en-1980-768x499.jpg 768w, https://www.universolorca.com/wp-content/uploads/2018/12/Cesar-Torres-Martinez-en-La-Clave-en-1980-1024x666.jpg 1024w, https://www.universolorca.com/wp-content/uploads/2018/12/Cesar-Torres-Martinez-en-La-Clave-en-1980-200x130.jpg 200w, https://www.universolorca.com/wp-content/uploads/2018/12/Cesar-Torres-Martinez-en-La-Clave-en-1980-330x215.jpg 330w, https://www.universolorca.com/wp-content/uploads/2018/12/Cesar-Torres-Martinez-en-La-Clave-en-1980-577x375.jpg 577w" sizes="(max-width: 1440px) 100vw, 1440px" /></a><figcaption class="caption wp-caption-text">César Torres Martínez, in the program &#8216;La Clave&#8217; of TVE in 1980.</figcaption></figure>
<p>July 18 surprised the city authorities in a moment of interim: the mayor&#8217;s office had been vacant until the beginning of July when it was occupied by the socialist <a href="https://www.universolorca.com/en/personaje/fernandez-montesinos-lustau-manuel/">Manuel Fernández-Montesinos</a>, and the new military governor, Manuel Campins, did not join until July 11. Both were shot.</p>
<p>César Torres only served eight of the 30 years in prison to which he was sentenced. In 1954, he recommenced his civilian life as a member of the board of directors of the Bank of Vigo. In June 1980, he agreed to participate in a <a href="http://www.rtve.es/alacarta/videos/la-clave/clave-federico-garcia-lorca/3917250/" target="_blank" rel="noopener">colloquium on the death of García Lorca in the TVE program <em>La Clave</em> (<em>The Key)</em></a>, together with figures such as <a href="https://www.universolorca.com/en/personaje/rosales-camacho-luis/">Luis Rosales</a>, <a href="https://www.universolorca.com/en/personaje/ontanon-gonzalez-santiago/">Santiago Ontañón</a> and Ian Gibson. He died in November 1988.</p>
<p>&nbsp;</p>

<p>Politician and lawyer trained at the University of Santiago de Compostela and civil governor during the Republic in Lugo, Almería, Ávila, Jaén and Granada. In the latter city he was [&hellip;]</p>
