{"id":10715,"date":"2021-09-20T06:38:28","date_gmt":"2021-09-20T06:38:28","guid":{"rendered":"https:\/\/www.universolorca.com\/the-deep-song-contest-of-1922\/the-carocas-satirical-couplets-and-angel-barrios\/"},"modified":"2021-10-25T07:52:36","modified_gmt":"2021-10-25T07:52:36","slug":"the-carocas-satirical-couplets-and-angel-barrios","status":"publish","type":"page","link":"https:\/\/www.universolorca.com\/en\/the-flamenco-song-contest-of-1922\/the-carocas-satirical-couplets-and-angel-barrios\/","title":{"rendered":"The Carocas (satirical couplets) and \u00c1ngel Barrios"},"content":{"rendered":"<p>On February 22, the Granada City Council approved the grant of 12,000 pesetas requested for the organization of the Flamenco Song Contest of 1922. <a href=\"https:\/\/www.universolorca.com\/en\/personaje\/falla-matheu-manuel-de\/\">Manuel de Falla<\/a>, very happy and tired, wrote to Cambridge to his friend the musicologist John B. Trend: &#8220;But this is giving me a lot of work! [&#8230;] And how much unpleasantness! One of the enemies of the contest is&#8230; (who would have thought it!) <a href=\"https:\/\/www.universolorca.com\/en\/personaje\/barrios-fernandez-angel\/\">\u00c1ngel Barrios<\/a>!&#8221;.<\/p>\n<p>What happened to \u00c1ngel Barrios and his father <a href=\"https:\/\/www.universolorca.com\/en\/personaje\/barrios-tamayo-antonio-el-polinario\/\">Antonio Barrios, <em>El Polinario<\/em><\/a>, for them not participate in the final phase of a contest that was conceived in his tavern in the Alhambra and where Federico Garc\u00eda Lorca though of photographing in 1918 the four scenes of <em>The<\/em> <em>Treasure Story<\/em> with \u00c1ngel Barrios, Manuel \u00c1ngeles and Miguel Pizarro. A conflict of interests! The Catholic Falla resolved Barrios&#8217; criticism with these words, &#8220;Forgive him, Father, for he knows not what he does.&#8221;<\/p>\n<figure id=\"attachment_6729\" class=\"thumbnail wp-caption aligncenter\" style=\"width: 1010px\"><a href=\"https:\/\/www.universolorca.com\/wp-content\/uploads\/2020\/11\/REUNI_2.jpg\"><img loading=\"lazy\" decoding=\"async\" class=\"size-full wp-image-10716\" src=\"https:\/\/www.universolorca.com\/wp-content\/uploads\/2020\/11\/REUNI_2.jpg\" alt=\"Meeting at El Polinario: Benito P\u00e9rez Gald\u00f3s (seated at the table), \u00c1ngel Barrios (with a violin) and Antonio Barrios 'El Polinario' (seated on the floor). Photo: Archives of the Alhambra and Generalife Board.\" width=\"1000\" height=\"780\" srcset=\"https:\/\/www.universolorca.com\/wp-content\/uploads\/2020\/11\/REUNI_2.jpg 1000w, https:\/\/www.universolorca.com\/wp-content\/uploads\/2020\/11\/REUNI_2-300x234.jpg 300w, https:\/\/www.universolorca.com\/wp-content\/uploads\/2020\/11\/REUNI_2-768x599.jpg 768w, https:\/\/www.universolorca.com\/wp-content\/uploads\/2020\/11\/REUNI_2-200x156.jpg 200w, https:\/\/www.universolorca.com\/wp-content\/uploads\/2020\/11\/REUNI_2-330x257.jpg 330w, https:\/\/www.universolorca.com\/wp-content\/uploads\/2020\/11\/REUNI_2-481x375.jpg 481w\" sizes=\"(max-width: 1000px) 100vw, 1000px\" \/><\/a><figcaption class=\"caption wp-caption-text\">Meeting at El Polinario: Benito P\u00e9rez Gald\u00f3s (seated at the table), \u00c1ngel Barrios (with a violin) and Antonio Barrios &#8216;El Polinario&#8217; (seated on the floor). Photo: Archives of the Alhambra and Generalife Board.<\/figcaption><\/figure>\n<p>Barrios had asked for financial aid for a project of his for concerts and Spanish dances with the title of <em>Dances of Gypsy Art<\/em> that had certain similarities and that although that year did not have municipal aid, he did get it a year later. In 1923, he celebrated it with the title of Great Festival of Andalusian Song and Gypsy Art Dances. Today nobody remembers it. Despite the clash with Falla, friendships were reestablished in 1924.<\/p>\n<p>But in those days the quarrel was still going on. The carocas (the satirical ditties hung in Granada during Corpus Christi) took advantage of the dispute: \u201cTal es la fecundidad\u201d [Such is the fecundity] \/ de sus bellos ideales, [of its beautiful ideals,] \/ que una culta sociedad [that a cultured society] \/ va a dejar a la Ciudad [is going to leave the City] \/ sin fondos municipales\u201d. [without municipal funds&#8221;.] And one more: \u201cGranada en su desvar\u00edo [&#8220;Granada in its madness] \/ es mar revuelto y sin fondo. [is a troubled and bottomless sea.] \/ De tu antiguo poder\u00edo [Of your ancient power] \/ s\u00f3lo te queda \u00a1Dios m\u00edo! [you only have left, my God!] \/ ser cuna del cante jondo\u201d. [to be the cradle of the deep song&#8221;.]<\/p>\n<p>The controversy of Granada transcended to all Spain after the nineteenth century, anti-bullfighting and anti-flamenco writer Eugenio Noel, pseudonym of Eugenio Mu\u00f1oz D\u00edaz, launched the first commotion in the Madrid press.<\/p>\n<p>Falla and the promoters of the contest still had other headaches to bear, besides the success.<\/p>\n","protected":false},"excerpt":{"rendered":"<p>On February 22, the Granada City Council approved the grant of 12,000 pesetas requested for the organization of the Flamenco Song Contest of 1922. Manuel de Falla, very happy and [&hellip;]<\/p>\n","protected":false},"author":3,"featured_media":0,"parent":9557,"menu_order":12,"comment_status":"closed","ping_status":"closed","template":"page-cantejondo.php","meta":{"footnotes":""},"class_list":["post-10715","page","type-page","status-publish","hentry"],"_links":{"self":[{"href":"https:\/\/www.universolorca.com\/en\/wp-json\/wp\/v2\/pages\/10715"}],"collection":[{"href":"https:\/\/www.universolorca.com\/en\/wp-json\/wp\/v2\/pages"}],"about":[{"href":"https:\/\/www.universolorca.com\/en\/wp-json\/wp\/v2\/types\/page"}],"author":[{"embeddable":true,"href":"https:\/\/www.universolorca.com\/en\/wp-json\/wp\/v2\/users\/3"}],"replies":[{"embeddable":true,"href":"https:\/\/www.universolorca.com\/en\/wp-json\/wp\/v2\/comments?post=10715"}],"version-history":[{"count":4,"href":"https:\/\/www.universolorca.com\/en\/wp-json\/wp\/v2\/pages\/10715\/revisions"}],"predecessor-version":[{"id":11437,"href":"https:\/\/www.universolorca.com\/en\/wp-json\/wp\/v2\/pages\/10715\/revisions\/11437"}],"up":[{"embeddable":true,"href":"https:\/\/www.universolorca.com\/en\/wp-json\/wp\/v2\/pages\/9557"}],"wp:attachment":[{"href":"https:\/\/www.universolorca.com\/en\/wp-json\/wp\/v2\/media?parent=10715"}],"curies":[{"name":"wp","href":"https:\/\/api.w.org\/{rel}","templated":true}]}}

The Carocas (satirical couplets) and Ángel Barrios

<p>On February 22, the Granada City Council approved the grant of 12,000 pesetas requested for the organization of the Flamenco Song Contest of 1922. <a href="https://www.universolorca.com/en/personaje/falla-matheu-manuel-de/">Manuel de Falla</a>, very happy and tired, wrote to Cambridge to his friend the musicologist John B. Trend: &#8220;But this is giving me a lot of work! [&#8230;] And how much unpleasantness! One of the enemies of the contest is&#8230; (who would have thought it!) <a href="https://www.universolorca.com/en/personaje/barrios-fernandez-angel/">Ángel Barrios</a>!&#8221;.</p>
<p>What happened to Ángel Barrios and his father <a href="https://www.universolorca.com/en/personaje/barrios-tamayo-antonio-el-polinario/">Antonio Barrios, <em>El Polinario</em></a>, for them not participate in the final phase of a contest that was conceived in his tavern in the Alhambra and where Federico García Lorca though of photographing in 1918 the four scenes of <em>The</em> <em>Treasure Story</em> with Ángel Barrios, Manuel Ángeles and Miguel Pizarro. A conflict of interests! The Catholic Falla resolved Barrios&#8217; criticism with these words, &#8220;Forgive him, Father, for he knows not what he does.&#8221;</p>
<figure id="attachment_6729" class="thumbnail wp-caption aligncenter" style="width: 1010px"><a href="https://www.universolorca.com/wp-content/uploads/2020/11/REUNI_2.jpg"><img loading="lazy" decoding="async" class="size-full wp-image-10716" src="https://www.universolorca.com/wp-content/uploads/2020/11/REUNI_2.jpg" alt="Meeting at El Polinario: Benito Pérez Galdós (seated at the table), Ángel Barrios (with a violin) and Antonio Barrios 'El Polinario' (seated on the floor). Photo: Archives of the Alhambra and Generalife Board." width="1000" height="780" srcset="https://www.universolorca.com/wp-content/uploads/2020/11/REUNI_2.jpg 1000w, https://www.universolorca.com/wp-content/uploads/2020/11/REUNI_2-300x234.jpg 300w, https://www.universolorca.com/wp-content/uploads/2020/11/REUNI_2-768x599.jpg 768w, https://www.universolorca.com/wp-content/uploads/2020/11/REUNI_2-200x156.jpg 200w, https://www.universolorca.com/wp-content/uploads/2020/11/REUNI_2-330x257.jpg 330w, https://www.universolorca.com/wp-content/uploads/2020/11/REUNI_2-481x375.jpg 481w" sizes="(max-width: 1000px) 100vw, 1000px" /></a><figcaption class="caption wp-caption-text">Meeting at El Polinario: Benito Pérez Galdós (seated at the table), Ángel Barrios (with a violin) and Antonio Barrios &#8216;El Polinario&#8217; (seated on the floor). Photo: Archives of the Alhambra and Generalife Board.</figcaption></figure>
<p>Barrios had asked for financial aid for a project of his for concerts and Spanish dances with the title of <em>Dances of Gypsy Art</em> that had certain similarities and that although that year did not have municipal aid, he did get it a year later. In 1923, he celebrated it with the title of Great Festival of Andalusian Song and Gypsy Art Dances. Today nobody remembers it. Despite the clash with Falla, friendships were reestablished in 1924.</p>
<p>But in those days the quarrel was still going on. The carocas (the satirical ditties hung in Granada during Corpus Christi) took advantage of the dispute: “Tal es la fecundidad” [Such is the fecundity] / de sus bellos ideales, [of its beautiful ideals,] / que una culta sociedad [that a cultured society] / va a dejar a la Ciudad [is going to leave the City] / sin fondos municipales”. [without municipal funds&#8221;.] And one more: “Granada en su desvarío [&#8220;Granada in its madness] / es mar revuelto y sin fondo. [is a troubled and bottomless sea.] / De tu antiguo poderío [Of your ancient power] / sólo te queda ¡Dios mío! [you only have left, my God!] / ser cuna del cante jondo”. [to be the cradle of the deep song&#8221;.]</p>
<p>The controversy of Granada transcended to all Spain after the nineteenth century, anti-bullfighting and anti-flamenco writer Eugenio Noel, pseudonym of Eugenio Muñoz Díaz, launched the first commotion in the Madrid press.</p>
<p>Falla and the promoters of the contest still had other headaches to bear, besides the success.</p>
