{"id":8211,"date":"2018-12-03T11:48:32","date_gmt":"2018-12-03T11:48:32","guid":{"rendered":"https:\/\/www.universolorca.com\/lg-bibliografia\/g34-30\/"},"modified":"2021-11-19T14:12:37","modified_gmt":"2021-11-19T14:12:37","slug":"g34-30","status":"publish","type":"lg-bibliografia","link":"https:\/\/www.universolorca.com\/en\/lg-bibliografia\/g34-30\/","title":{"rendered":"G34-30"},"content":{"rendered":"<ul>\n<li><em>Gallo.<\/em>\u00a0Facsimile edition of the two issues, plus Pavo magazine and the materials of the third. Study by Antonio Gallego Morell and contribution by Christopher Maurer. Comares. Granada, 1988.<\/li>\n<li>Nicol\u00e1s Antonio Fern\u00e1ndez. <em> Federico Garc\u00eda Lorca and the gallo magazine group<\/em>. Diputaci\u00f3n de Granada, 2012.<\/li>\n<li>Francisco Garc\u00eda Lorca. <em> Federico and his World<\/em>. Alianza Tres. Madrid, 1990.<\/li>\n<li>Ian Gibson. <em> Federico Garc\u00eda Lorca. Biography<\/em>. Grijalbo. Barcelona. 1987.<\/li>\n<li>Jos\u00e9 Mora Guarnido. <em> Federico and his World.\u00a0<\/em> Losada. Buenos Aires, 1958.<\/li>\n<\/ul>\n","protected":false},"template":"","class_list":["post-8211","lg-bibliografia","type-lg-bibliografia","status-publish","hentry"],"_links":{"self":[{"href":"https:\/\/www.universolorca.com\/en\/wp-json\/wp\/v2\/lg-bibliografia\/8211"}],"collection":[{"href":"https:\/\/www.universolorca.com\/en\/wp-json\/wp\/v2\/lg-bibliografia"}],"about":[{"href":"https:\/\/www.universolorca.com\/en\/wp-json\/wp\/v2\/types\/lg-bibliografia"}],"wp:attachment":[{"href":"https:\/\/www.universolorca.com\/en\/wp-json\/wp\/v2\/media?parent=8211"}],"curies":[{"name":"wp","href":"https:\/\/api.w.org\/{rel}","templated":true}]}}

<ul>
<li><em>Gallo.</em> Facsimile edition of the two issues, plus Pavo magazine and the materials of the third. Study by Antonio Gallego Morell and contribution by Christopher Maurer. Comares. Granada, 1988.</li>
<li>Nicolás Antonio Fernández. <em> Federico García Lorca and the gallo magazine group</em>. Diputación de Granada, 2012.</li>
<li>Francisco García Lorca. <em> Federico and his World</em>. Alianza Tres. Madrid, 1990.</li>
<li>Ian Gibson. <em> Federico García Lorca. Biography</em>. Grijalbo. Barcelona. 1987.</li>
<li>José Mora Guarnido. <em> Federico and his World. </em> Losada. Buenos Aires, 1958.</li>
</ul>
