{"id":8208,"date":"2021-08-30T10:29:50","date_gmt":"2021-08-30T10:29:50","guid":{"rendered":"https:\/\/www.universolorca.com\/lg-bibliografia\/g31-27\/"},"modified":"2021-09-06T08:07:08","modified_gmt":"2021-09-06T08:07:08","slug":"g31-27","status":"publish","type":"lg-bibliografia","link":"https:\/\/www.universolorca.com\/en\/lg-bibliografia\/g31-27\/","title":{"rendered":"G31-27"},"content":{"rendered":"<ul>\n<li>Juan Ram\u00f3n Jim\u00e9nez. <em> Forgetfulness of Granada<\/em>. Edited by Miguel \u00c1ngel V\u00e1zquez Medel. Diputaci\u00f3n de Granada, 2002.<\/li>\n<li>Isabel Garc\u00eda Lorca. <em> My Memories<\/em>. Tusquets. Barcelona, 2002.<\/li>\n<li>Miguel \u00c1ngel V\u00e1zquez Medel. <a href=\"http:\/\/www.academiadebuenasletrasdegranada.org\" target=\"_blank\" rel=\"noopener\"> <em> Juan Ram\u00f3n Jim\u00e9nez and Federico Garc\u00eda Lorca <\/em> <\/a>. Academia de Buenas Letras of Granada.<\/li>\n<\/ul>\n","protected":false},"template":"","class_list":["post-8208","lg-bibliografia","type-lg-bibliografia","status-publish","hentry"],"_links":{"self":[{"href":"https:\/\/www.universolorca.com\/en\/wp-json\/wp\/v2\/lg-bibliografia\/8208"}],"collection":[{"href":"https:\/\/www.universolorca.com\/en\/wp-json\/wp\/v2\/lg-bibliografia"}],"about":[{"href":"https:\/\/www.universolorca.com\/en\/wp-json\/wp\/v2\/types\/lg-bibliografia"}],"wp:attachment":[{"href":"https:\/\/www.universolorca.com\/en\/wp-json\/wp\/v2\/media?parent=8208"}],"curies":[{"name":"wp","href":"https:\/\/api.w.org\/{rel}","templated":true}]}}

<ul>
<li>Juan Ramón Jiménez. <em> Forgetfulness of Granada</em>. Edited by Miguel Ángel Vázquez Medel. Diputación de Granada, 2002.</li>
<li>Isabel García Lorca. <em> My Memories</em>. Tusquets. Barcelona, 2002.</li>
<li>Miguel Ángel Vázquez Medel. <a href="http://www.academiadebuenasletrasdegranada.org" target="_blank" rel="noopener"> <em> Juan Ramón Jiménez and Federico García Lorca </em> </a>. Academia de Buenas Letras of Granada.</li>
</ul>
